Last updated on 2023-12-03 19:48:26 CET.
Flavor | Version | Tinstall | Tcheck | Ttotal | Status | Flags |
---|---|---|---|---|---|---|
r-devel-linux-x86_64-debian-clang | 0.9.0 | 3.35 | 30.32 | 33.67 | OK | |
r-devel-linux-x86_64-debian-gcc | 0.9.0 | 2.20 | 23.68 | 25.88 | OK | |
r-devel-linux-x86_64-fedora-clang | 0.9.0 | 45.97 | NOTE | |||
r-devel-linux-x86_64-fedora-gcc | 0.9.0 | 40.49 | NOTE | |||
r-devel-windows-x86_64 | 0.9.0 | 5.00 | 45.00 | 50.00 | OK | |
r-patched-linux-x86_64 | 0.9.0 | 3.47 | 29.90 | 33.37 | OK | |
r-release-linux-x86_64 | 0.9.0 | 3.57 | 29.98 | 33.55 | OK | |
r-release-macos-arm64 | 0.9.0 | 21.00 | OK | |||
r-release-macos-x86_64 | 0.9.0 | 23.00 | OK | |||
r-release-windows-x86_64 | 0.9.0 | 5.00 | 45.00 | 50.00 | OK | |
r-oldrel-macos-arm64 | 0.9.0 | 18.00 | NOTE | |||
r-oldrel-macos-x86_64 | 0.9.0 | 23.00 | NOTE | |||
r-oldrel-windows-x86_64 | 0.9.0 | 5.00 | 51.00 | 56.00 | OK |
Version: 0.9.0
Check: data for non-ASCII characters
Result: NOTE
Note: found 148 marked UTF-8 strings
Flavors: r-devel-linux-x86_64-fedora-clang, r-devel-linux-x86_64-fedora-gcc, r-oldrel-macos-arm64, r-oldrel-macos-x86_64