CRAN Package Check Results for Package bannerCommenter

Last updated on 2023-10-01 08:51:53 CEST.

Flavor Version Tinstall Tcheck Ttotal Status Flags
r-devel-linux-x86_64-debian-clang 1.0.0 2.29 29.17 31.46 NOTE
r-devel-linux-x86_64-debian-gcc 1.0.0 1.77 22.79 24.56 NOTE
r-devel-linux-x86_64-fedora-clang 1.0.0 39.72 NOTE
r-devel-linux-x86_64-fedora-gcc 1.0.0 52.07 NOTE
r-devel-windows-x86_64 1.0.0 6.00 55.00 61.00 NOTE
r-patched-linux-x86_64 1.0.0 2.43 28.18 30.61 NOTE
r-release-linux-x86_64 1.0.0 2.02 28.40 30.42 NOTE
r-release-macos-arm64 1.0.0 32.00 NOTE
r-release-macos-x86_64 1.0.0 34.00 NOTE
r-release-windows-x86_64 1.0.0 4.00 48.00 52.00 NOTE
r-oldrel-macos-arm64 1.0.0 22.00 NOTE
r-oldrel-macos-x86_64 1.0.0 29.00 NOTE
r-oldrel-windows-x86_64 1.0.0 5.00 59.00 64.00 NOTE

Check Details

Version: 1.0.0
Check: LazyData
Result: NOTE
     'LazyData' is specified without a 'data' directory
Flavors: r-devel-linux-x86_64-debian-clang, r-devel-linux-x86_64-debian-gcc, r-devel-linux-x86_64-fedora-clang, r-devel-linux-x86_64-fedora-gcc, r-devel-windows-x86_64, r-patched-linux-x86_64, r-release-linux-x86_64, r-release-macos-arm64, r-release-macos-x86_64, r-release-windows-x86_64, r-oldrel-macos-arm64, r-oldrel-macos-x86_64, r-oldrel-windows-x86_64