Last updated on 2024-04-18 08:54:22 CEST.
Flavor | Version | Tinstall | Tcheck | Ttotal | Status | Flags |
---|---|---|---|---|---|---|
r-devel-linux-x86_64-debian-clang | 1.0.0 | 2.22 | 30.77 | 32.99 | NOTE | |
r-devel-linux-x86_64-debian-gcc | 1.0.0 | 1.66 | 24.37 | 26.03 | NOTE | |
r-devel-linux-x86_64-fedora-clang | 1.0.0 | 44.54 | NOTE | |||
r-devel-linux-x86_64-fedora-gcc | 1.0.0 | 54.50 | NOTE | |||
r-prerel-macos-arm64 | 1.0.0 | 25.00 | NOTE | |||
r-prerel-windows-x86_64 | 1.0.0 | 4.00 | 55.00 | 59.00 | NOTE | |
r-patched-linux-x86_64 | 1.0.0 | 2.08 | 31.17 | 33.25 | NOTE | |
r-release-linux-x86_64 | 1.0.0 | 1.97 | 27.96 | 29.93 | NOTE | |
r-release-macos-arm64 | 1.0.0 | 32.00 | NOTE | |||
r-release-macos-x86_64 | 1.0.0 | 34.00 | NOTE | |||
r-release-windows-x86_64 | 1.0.0 | 3.00 | 55.00 | 58.00 | NOTE | |
r-oldrel-macos-arm64 | 1.0.0 | 22.00 | NOTE | |||
r-oldrel-windows-x86_64 | 1.0.0 | 4.00 | 56.00 | 60.00 | NOTE |
Version: 1.0.0
Check: LazyData
Result: NOTE
'LazyData' is specified without a 'data' directory
Flavors: r-devel-linux-x86_64-debian-clang, r-devel-linux-x86_64-debian-gcc, r-devel-linux-x86_64-fedora-clang, r-devel-linux-x86_64-fedora-gcc, r-prerel-macos-arm64, r-prerel-windows-x86_64, r-patched-linux-x86_64, r-release-linux-x86_64, r-release-macos-arm64, r-release-macos-x86_64, r-release-windows-x86_64, r-oldrel-macos-arm64, r-oldrel-windows-x86_64