CRAN Package Check Results for Package banditpam

Last updated on 2023-11-28 07:52:55 CET.

Flavor Version Tinstall Tcheck Ttotal Status Flags
r-devel-linux-x86_64-debian-clang 1.0-1 127.93 228.90 356.83 OK
r-devel-linux-x86_64-debian-gcc 1.0-1 86.07 116.31 202.38 OK
r-devel-linux-x86_64-fedora-clang 1.0-1 363.39 OK
r-devel-linux-x86_64-fedora-gcc 1.0-1 351.74 OK
r-devel-windows-x86_64 1.0-1 91.00 113.00 204.00 OK
r-patched-linux-x86_64 1.0-1 107.60 152.87 260.47 OK
r-release-linux-x86_64 1.0-1 101.55 154.46 256.01 OK
r-release-macos-arm64 1.0-1 106.00 NOTE
r-release-macos-x86_64 1.0-1 169.00 NOTE
r-release-windows-x86_64 1.0-1 121.00 142.00 263.00 OK
r-oldrel-macos-arm64 1.0-1 96.00 NOTE
r-oldrel-macos-x86_64 1.0-1 42.00 ERROR
r-oldrel-windows-x86_64 1.0-1 118.00 140.00 258.00 OK

Check Details

Version: 1.0-1
Check: installed package size
Result: NOTE installed size is 5.7Mb sub-directories of 1Mb or more: libs 5.4Mb Flavors: r-release-macos-arm64, r-release-macos-x86_64, r-oldrel-macos-arm64

Version: 1.0-1
Check: whether package can be installed
Result: ERROR Installation failed. Flavor: r-oldrel-macos-x86_64