Last updated on 2023-06-04 08:57:04 CEST.
Flavor | Version | Tinstall | Tcheck | Ttotal | Status | Flags |
---|---|---|---|---|---|---|
r-devel-linux-x86_64-debian-clang | 1.3.0 | 54.25 | 37.12 | 91.37 | NOTE | |
r-devel-linux-x86_64-debian-gcc | 1.3.0 | 39.55 | 29.00 | 68.55 | NOTE | |
r-devel-linux-x86_64-fedora-clang | 1.3.0 | 133.37 | NOTE | |||
r-devel-linux-x86_64-fedora-gcc | 1.3.0 | 149.32 | NOTE | |||
r-devel-windows-x86_64 | 1.3.0 | 42.00 | 76.00 | 118.00 | NOTE | |
r-patched-linux-x86_64 | 1.3.0 | 44.25 | 35.87 | 80.12 | NOTE | |
r-release-linux-x86_64 | 1.3.0 | 41.66 | 35.70 | 77.36 | NOTE | |
r-release-macos-arm64 | 1.3.0 | 44.00 | NOTE | |||
r-release-macos-x86_64 | 1.3.0 | 70.00 | NOTE | |||
r-release-windows-x86_64 | 1.3.0 | 53.00 | 92.00 | 145.00 | NOTE | |
r-oldrel-macos-arm64 | 1.3.0 | 41.00 | OK | |||
r-oldrel-macos-x86_64 | 1.3.0 | 48.00 | OK | |||
r-oldrel-windows-x86_64 | 1.3.0 | 52.00 | 88.00 | 140.00 | OK |
Version: 1.3.0
Check: C++ specification
Result: NOTE
Specified C++11: please drop specification unless essential
Flavors: r-devel-linux-x86_64-debian-clang, r-devel-linux-x86_64-debian-gcc, r-devel-linux-x86_64-fedora-clang, r-devel-linux-x86_64-fedora-gcc, r-devel-windows-x86_64, r-patched-linux-x86_64, r-release-linux-x86_64, r-release-macos-arm64, r-release-macos-x86_64, r-release-windows-x86_64