Last updated on 2023-10-02 20:11:54 CEST.
Flavor | Version | Tinstall | Tcheck | Ttotal | Status | Flags |
---|---|---|---|---|---|---|
r-devel-linux-x86_64-debian-clang | 1.0.0 | 798.75 | 671.78 | 1470.53 | OK | |
r-devel-linux-x86_64-debian-gcc | 1.0.0 | 588.71 | 523.60 | 1112.31 | OK | |
r-devel-linux-x86_64-fedora-clang | 1.0.0 | 1733.18 | NOTE | |||
r-devel-linux-x86_64-fedora-gcc | 1.0.0 | 2068.80 | NOTE | |||
r-devel-windows-x86_64 | 1.0.0 | 523.00 | 546.00 | 1069.00 | NOTE | |
r-patched-linux-x86_64 | 1.0.0 | 590.97 | 669.48 | 1260.45 | OK | |
r-release-linux-x86_64 | 1.0.0 | 645.02 | 672.44 | 1317.46 | OK | |
r-release-macos-arm64 | 1.0.0 | 337.00 | NOTE | |||
r-release-macos-x86_64 | 1.0.0 | 583.00 | NOTE | |||
r-release-windows-x86_64 | 1.0.0 | 698.00 | 675.00 | 1373.00 | NOTE | |
r-oldrel-macos-arm64 | 1.0.0 | 340.00 | NOTE | |||
r-oldrel-macos-x86_64 | 1.0.0 | 515.00 | NOTE | |||
r-oldrel-windows-x86_64 | 1.0.0 | 659.00 | 656.00 | 1315.00 | NOTE |
Version: 1.0.0
Check: installed package size
Result: NOTE
installed size is 9.1Mb
sub-directories of 1Mb or more:
libs 7.3Mb
Flavors: r-devel-linux-x86_64-fedora-clang, r-devel-windows-x86_64, r-release-macos-arm64, r-release-macos-x86_64, r-release-windows-x86_64, r-oldrel-macos-arm64, r-oldrel-macos-x86_64, r-oldrel-windows-x86_64
Version: 1.0.0
Check: dependencies in R code
Result: NOTE
Namespaces in Imports field not imported from:
‘RcppParallel’ ‘rstantools’
All declared Imports should be used.
Flavors: r-devel-linux-x86_64-fedora-clang, r-devel-linux-x86_64-fedora-gcc
Version: 1.0.0
Check: for GNU extensions in Makefiles
Result: NOTE
GNU make is a SystemRequirements.
Flavors: r-devel-linux-x86_64-fedora-clang, r-devel-linux-x86_64-fedora-gcc, r-release-macos-arm64, r-release-macos-x86_64, r-oldrel-macos-arm64, r-oldrel-macos-x86_64