Last updated on 2023-03-28 19:55:14 CEST.
Flavor | Version | Tinstall | Tcheck | Ttotal | Status | Flags |
---|---|---|---|---|---|---|
r-devel-linux-x86_64-debian-clang | 0.3.0 | 2.25 | 23.51 | 25.76 | NOTE | |
r-devel-linux-x86_64-debian-gcc | 0.3.0 | 1.36 | 18.50 | 19.86 | NOTE | |
r-devel-linux-x86_64-fedora-clang | 0.3.0 | 32.79 | NOTE | |||
r-devel-linux-x86_64-fedora-gcc | 0.3.0 | 30.61 | NOTE | |||
r-patched-linux-x86_64 | 0.3.0 | 2.15 | 23.09 | 25.24 | NOTE | |
r-release-linux-x86_64 | 0.3.0 | 1.61 | 23.96 | 25.57 | NOTE | |
r-release-macos-arm64 | 0.3.0 | 17.00 | NOTE | |||
r-release-macos-x86_64 | 0.3.0 | 21.00 | NOTE | |||
r-release-windows-x86_64 | 0.3.0 | 9.00 | 56.00 | 65.00 | NOTE | |
r-oldrel-macos-arm64 | 0.3.0 | 21.00 | NOTE | |||
r-oldrel-macos-x86_64 | 0.3.0 | 27.00 | NOTE | |||
r-oldrel-windows-ix86+x86_64 | 0.3.0 | 5.00 | 47.00 | 52.00 | NOTE |
Version: 0.3.0
Check: LazyData
Result: NOTE
'LazyData' is specified without a 'data' directory
Flavors: r-devel-linux-x86_64-debian-clang, r-devel-linux-x86_64-debian-gcc, r-devel-linux-x86_64-fedora-clang, r-devel-linux-x86_64-fedora-gcc, r-patched-linux-x86_64, r-release-linux-x86_64, r-release-macos-arm64, r-release-macos-x86_64, r-release-windows-x86_64, r-oldrel-macos-arm64, r-oldrel-macos-x86_64, r-oldrel-windows-ix86+x86_64