Last updated on 2023-09-27 08:02:27 CEST.
Flavor | Version | Tinstall | Tcheck | Ttotal | Status | Flags |
---|---|---|---|---|---|---|
r-devel-linux-x86_64-debian-clang | 2.1.2 | 28.13 | 71.95 | 100.08 | NOTE | |
r-devel-linux-x86_64-debian-gcc | 2.1.2 | 16.42 | 52.38 | 68.80 | NOTE | |
r-devel-linux-x86_64-fedora-clang | 2.1.2 | 123.54 | NOTE | |||
r-devel-linux-x86_64-fedora-gcc | 2.1.2 | 136.43 | NOTE | |||
r-devel-windows-x86_64 | 2.1.2 | 19.00 | 94.00 | 113.00 | NOTE | |
r-patched-linux-x86_64 | 2.1.2 | 27.58 | 68.20 | 95.78 | OK | |
r-release-linux-x86_64 | 2.1.2 | 24.17 | 68.13 | 92.30 | OK | |
r-release-macos-arm64 | 2.1.2 | 44.00 | OK | |||
r-release-macos-x86_64 | 2.1.2 | 67.00 | OK | |||
r-release-windows-x86_64 | 2.1.2 | 27.00 | 120.00 | 147.00 | OK | |
r-oldrel-macos-arm64 | 2.1.2 | 41.00 | OK | |||
r-oldrel-macos-x86_64 | 2.1.2 | 51.00 | OK | |||
r-oldrel-windows-x86_64 | 2.1.2 | 25.00 | 114.00 | 139.00 | OK |
Version: 2.1.2
Check: Rd \usage sections
Result: NOTE
Documented arguments not in \usage in documentation object 'write.narrative':
‘trials:’
Functions with \usage entries need to have the appropriate \alias
entries, and all their arguments documented.
The \usage entries must correspond to syntactically valid R code.
See chapter ‘Writing R documentation files’ in the ‘Writing R
Extensions’ manual.
Flavors: r-devel-linux-x86_64-debian-clang, r-devel-linux-x86_64-debian-gcc, r-devel-linux-x86_64-fedora-clang, r-devel-linux-x86_64-fedora-gcc, r-devel-windows-x86_64