Last updated on 2023-09-22 08:55:41 CEST.
Flavor | Version | Tinstall | Tcheck | Ttotal | Status | Flags |
---|---|---|---|---|---|---|
r-devel-linux-x86_64-debian-clang | 11.8.8 | 25.08 | 270.84 | 295.92 | OK | |
r-devel-linux-x86_64-debian-gcc | 11.8.8 | 19.64 | 194.62 | 214.26 | OK | |
r-devel-linux-x86_64-fedora-clang | 11.8.8 | 361.90 | NOTE | |||
r-devel-linux-x86_64-fedora-gcc | 11.8.8 | 379.91 | NOTE | |||
r-devel-windows-x86_64 | 11.8.8 | 21.00 | 199.00 | 220.00 | OK | |
r-patched-linux-x86_64 | 11.8.8 | 26.76 | 251.57 | 278.33 | OK | |
r-release-linux-x86_64 | 11.8.8 | 17.55 | 257.45 | 275.00 | OK | |
r-release-macos-arm64 | 11.8.8 | 101.00 | OK | |||
r-release-macos-x86_64 | 11.8.8 | 164.00 | OK | |||
r-release-windows-x86_64 | 11.8.8 | 28.00 | 256.00 | 284.00 | OK | |
r-oldrel-macos-arm64 | 11.8.8 | 89.00 | NOTE | |||
r-oldrel-macos-x86_64 | 11.8.8 | 126.00 | NOTE | |||
r-oldrel-windows-x86_64 | 11.8.8 | 28.00 | 241.00 | 269.00 | OK |
Version: 11.8.8
Check: data for non-ASCII characters
Result: NOTE
Note: found 64209 marked UTF-8 strings
Flavors: r-devel-linux-x86_64-fedora-clang, r-devel-linux-x86_64-fedora-gcc, r-oldrel-macos-arm64, r-oldrel-macos-x86_64