Last updated on 2024-04-17 19:58:31 CEST.
Flavor | Version | Tinstall | Tcheck | Ttotal | Status | Flags |
---|---|---|---|---|---|---|
r-devel-linux-x86_64-debian-clang | 0.1.2 | 59.51 | 468.40 | 527.91 | NOTE | |
r-devel-linux-x86_64-debian-gcc | 0.1.2 | 42.06 | 351.83 | 393.89 | NOTE | |
r-devel-linux-x86_64-fedora-clang | 0.1.2 | 671.04 | NOTE | |||
r-devel-linux-x86_64-fedora-gcc | 0.1.2 | 665.26 | NOTE | |||
r-prerel-macos-arm64 | 0.1.2 | 196.00 | NOTE | |||
r-prerel-windows-x86_64 | 0.1.2 | 55.00 | 430.00 | 485.00 | NOTE | |
r-patched-linux-x86_64 | 0.1.2 | 38.06 | 457.09 | 495.15 | NOTE | |
r-release-linux-x86_64 | 0.1.2 | 48.56 | 456.31 | 504.87 | NOTE | |
r-release-macos-arm64 | 0.1.2 | 190.00 | NOTE | |||
r-release-macos-x86_64 | 0.1.2 | 263.00 | NOTE | |||
r-release-windows-x86_64 | 0.1.2 | 68.00 | 536.00 | 604.00 | NOTE | |
r-oldrel-macos-arm64 | 0.1.2 | 176.00 | NOTE | |||
r-oldrel-windows-x86_64 | 0.1.2 | 55.00 | 515.00 | 570.00 | NOTE |
Version: 0.1.2
Check: package dependencies
Result: NOTE
Package suggested but not available for checking: ‘lixoftConnectors’
Flavors: r-devel-linux-x86_64-debian-clang, r-devel-linux-x86_64-debian-gcc, r-devel-linux-x86_64-fedora-clang, r-devel-linux-x86_64-fedora-gcc, r-prerel-macos-arm64, r-prerel-windows-x86_64, r-patched-linux-x86_64, r-release-linux-x86_64, r-release-macos-arm64, r-release-macos-x86_64, r-release-windows-x86_64, r-oldrel-macos-arm64, r-oldrel-windows-x86_64