CRAN Package Check Results for Package autonewsmd

Last updated on 2024-03-03 18:49:47 CET.

Flavor Version Tinstall Tcheck Ttotal Status Flags
r-devel-linux-x86_64-debian-clang 0.0.6 2.87 35.45 38.32 NOTE
r-devel-linux-x86_64-debian-gcc 0.0.6 2.87 27.44 30.31 NOTE
r-devel-linux-x86_64-fedora-clang 0.0.6 49.39 NOTE
r-devel-linux-x86_64-fedora-gcc 0.0.6 61.28 NOTE
r-devel-windows-x86_64 0.0.6 5.00 55.00 60.00 OK
r-patched-linux-x86_64 0.0.6 3.23 35.12 38.35 OK
r-release-linux-x86_64 0.0.6 2.49 34.27 36.76 OK
r-release-macos-arm64 0.0.6 34.00 OK
r-release-macos-x86_64 0.0.6 60.00 OK
r-release-windows-x86_64 0.0.6 6.00 58.00 64.00 OK
r-oldrel-macos-arm64 0.0.6 28.00 OK
r-oldrel-windows-x86_64 0.0.6 5.00 63.00 68.00 OK

Check Details

Version: 0.0.6
Check: Rd files
Result: NOTE checkRd: (-1) autonewsmd.Rd:197: Lost braces 197 | Defaults to `"^v(\\d+\\.){2}\\d+(\\.\\d+)?$"` to identify patterns of | ^ Flavors: r-devel-linux-x86_64-debian-clang, r-devel-linux-x86_64-debian-gcc, r-devel-linux-x86_64-fedora-clang, r-devel-linux-x86_64-fedora-gcc