Last updated on 2023-10-01 08:51:53 CEST.
Flavor | Version | Tinstall | Tcheck | Ttotal | Status | Flags |
---|---|---|---|---|---|---|
r-devel-linux-x86_64-debian-clang | 1.3.3 | 10.75 | 257.62 | 268.37 | OK | |
r-devel-linux-x86_64-debian-gcc | 1.3.3 | 7.38 | 194.50 | 201.88 | OK | |
r-devel-linux-x86_64-fedora-clang | 1.3.3 | 324.19 | NOTE | |||
r-devel-linux-x86_64-fedora-gcc | 1.3.3 | 348.70 | OK | |||
r-devel-windows-x86_64 | 1.3.3 | 13.00 | 264.00 | 277.00 | OK | |
r-patched-linux-x86_64 | 1.3.3 | 13.40 | 248.20 | 261.60 | OK | |
r-release-linux-x86_64 | 1.3.3 | 6.89 | 252.21 | 259.10 | OK | |
r-release-macos-arm64 | 1.3.3 | 120.00 | OK | |||
r-release-macos-x86_64 | 1.3.3 | 201.00 | OK | |||
r-release-windows-x86_64 | 1.3.3 | 15.00 | 315.00 | 330.00 | OK | |
r-oldrel-macos-arm64 | 1.3.3 | 98.00 | OK | |||
r-oldrel-macos-x86_64 | 1.3.3 | 164.00 | OK | |||
r-oldrel-windows-x86_64 | 1.3.3 | 16.00 | 294.00 | 310.00 | OK |
Version: 1.3.3
Check: Rd cross-references
Result: NOTE
Undeclared package ‘gtable’ in Rd xrefs
Flavor: r-devel-linux-x86_64-fedora-clang