Last updated on 2023-06-04 08:57:04 CEST.
Flavor | Version | Tinstall | Tcheck | Ttotal | Status | Flags |
---|---|---|---|---|---|---|
r-devel-linux-x86_64-debian-clang | 4.3.50 | 25.60 | 250.75 | 276.35 | NOTE | |
r-devel-linux-x86_64-debian-gcc | 4.3.50 | 17.09 | 186.67 | 203.76 | NOTE | |
r-devel-linux-x86_64-fedora-clang | 4.3.50 | 336.74 | NOTE | |||
r-devel-linux-x86_64-fedora-gcc | 4.3.50 | 370.35 | NOTE | |||
r-devel-windows-x86_64 | 4.3.50 | 22.00 | 215.00 | 237.00 | NOTE | |
r-patched-linux-x86_64 | 4.3.50 | 34.95 | 234.94 | 269.89 | NOTE | |
r-release-linux-x86_64 | 4.3.50 | 20.48 | 237.90 | 258.38 | NOTE | |
r-release-macos-arm64 | 4.3.50 | 93.00 | NOTE | |||
r-release-macos-x86_64 | 4.3.50 | 165.00 | NOTE | |||
r-release-windows-x86_64 | 4.3.50 | 27.00 | 271.00 | 298.00 | NOTE | |
r-oldrel-macos-arm64 | 4.3.50 | 60.00 | NOTE | |||
r-oldrel-macos-x86_64 | 4.3.50 | 109.00 | NOTE | |||
r-oldrel-windows-x86_64 | 4.3.50 | 27.00 | 254.00 | 281.00 | NOTE |
Version: 4.3.50
Check: package dependencies
Result: NOTE
Package which this enhances but not available for checking: ‘asreml’
Flavors: r-devel-linux-x86_64-debian-clang, r-devel-linux-x86_64-debian-gcc, r-devel-linux-x86_64-fedora-clang, r-devel-linux-x86_64-fedora-gcc, r-devel-windows-x86_64, r-patched-linux-x86_64, r-release-linux-x86_64, r-release-macos-arm64, r-release-macos-x86_64, r-release-windows-x86_64, r-oldrel-macos-arm64, r-oldrel-macos-x86_64, r-oldrel-windows-x86_64