CRAN Package Check Results for Package arm

Last updated on 2023-10-02 20:11:53 CEST.

Flavor Version Tinstall Tcheck Ttotal Status Flags
r-devel-linux-x86_64-debian-clang 1.13-1 14.44 114.93 129.37 OK
r-devel-linux-x86_64-debian-gcc 1.13-1 12.80 85.94 98.74 OK
r-devel-linux-x86_64-fedora-clang 1.13-1 157.13 NOTE
r-devel-linux-x86_64-fedora-gcc 1.13-1 154.35 OK
r-devel-windows-x86_64 1.13-1 13.00 100.00 113.00 OK
r-patched-linux-x86_64 1.13-1 17.12 111.05 128.17 OK
r-release-linux-x86_64 1.13-1 10.01 112.00 122.01 OK
r-release-macos-arm64 1.13-1 47.00 OK
r-release-macos-x86_64 1.13-1 81.00 NOTE
r-release-windows-x86_64 1.13-1 17.00 122.00 139.00 OK
r-oldrel-macos-arm64 1.13-1 45.00 OK
r-oldrel-macos-x86_64 1.13-1 58.00 OK
r-oldrel-windows-x86_64 1.13-1 18.00 122.00 140.00 OK

Check Details

Version: 1.13-1
Check: Rd cross-references
Result: NOTE
    Undeclared packages ‘survey’, ‘Matching’ in Rd xrefs
Flavor: r-devel-linux-x86_64-fedora-clang

Version: 1.13-1
Check: Rd cross-references
Result: NOTE
    Package unavailable to check Rd xrefs: ‘survey’
Flavor: r-release-macos-x86_64