Last updated on 2023-05-31 20:57:02 CEST.
Flavor | Version | Tinstall | Tcheck | Ttotal | Status | Flags |
---|---|---|---|---|---|---|
r-devel-linux-x86_64-debian-clang | 0.1.0 | 2.79 | 27.59 | 30.38 | NOTE | |
r-devel-linux-x86_64-debian-gcc | 0.1.0 | 2.09 | 21.87 | 23.96 | NOTE | |
r-devel-linux-x86_64-fedora-clang | 0.1.0 | 39.41 | NOTE | |||
r-devel-linux-x86_64-fedora-gcc | 0.1.0 | 49.51 | NOTE | |||
r-devel-windows-x86_64 | 0.1.0 | 4.00 | 44.00 | 48.00 | NOTE | |
r-patched-linux-x86_64 | 0.1.0 | NOTE | ||||
r-release-linux-x86_64 | 0.1.0 | 1.73 | 27.50 | 29.23 | NOTE | |
r-release-macos-arm64 | 0.1.0 | 25.00 | NOTE | |||
r-release-macos-x86_64 | 0.1.0 | 35.00 | NOTE | |||
r-release-windows-x86_64 | 0.1.0 | 5.00 | 45.00 | 50.00 | NOTE | |
r-oldrel-macos-arm64 | 0.1.0 | 19.00 | NOTE | |||
r-oldrel-macos-x86_64 | 0.1.0 | 29.00 | NOTE | |||
r-oldrel-windows-x86_64 | 0.1.0 | 5.00 | 51.00 | 56.00 | NOTE |
Version: 0.1.0
Check: LazyData
Result: NOTE
'LazyData' is specified without a 'data' directory
Flavors: r-devel-linux-x86_64-debian-clang, r-devel-linux-x86_64-debian-gcc, r-devel-linux-x86_64-fedora-clang, r-devel-linux-x86_64-fedora-gcc, r-devel-windows-x86_64, r-patched-linux-x86_64, r-release-linux-x86_64, r-release-macos-arm64, r-release-macos-x86_64, r-release-windows-x86_64, r-oldrel-macos-arm64, r-oldrel-macos-x86_64, r-oldrel-windows-x86_64
Version: 0.1.0
Check: dependencies in R code
Result: NOTE
Namespaces in Imports field not imported from:
‘bannerCommenter’ ‘config’ ‘feather’ ‘here’ ‘knitr’ ‘log4r’ ‘ps’
‘rmarkdown’ ‘skimr’ ‘snakecase’ ‘testthat’ ‘tidyverse’
All declared Imports should be used.
Flavors: r-devel-linux-x86_64-fedora-clang, r-devel-linux-x86_64-fedora-gcc, r-oldrel-macos-arm64, r-oldrel-macos-x86_64