Last updated on 2023-05-29 08:54:53 CEST.
Flavor | Version | Tinstall | Tcheck | Ttotal | Status | Flags |
---|---|---|---|---|---|---|
r-devel-linux-x86_64-debian-clang | 0.3-2 | 80.51 | 207.72 | 288.23 | NOTE | |
r-devel-linux-x86_64-debian-gcc | 0.3-2 | 61.67 | 157.60 | 219.27 | NOTE | |
r-devel-linux-x86_64-fedora-clang | 0.3-2 | 373.89 | NOTE | |||
r-devel-linux-x86_64-fedora-gcc | 0.3-2 | 408.61 | NOTE | |||
r-devel-windows-x86_64 | 0.3-2 | 57.00 | 183.00 | 240.00 | NOTE | |
r-patched-linux-x86_64 | 0.3-2 | 68.50 | 202.98 | 271.48 | NOTE | |
r-release-linux-x86_64 | 0.3-2 | 64.34 | 200.25 | 264.59 | NOTE | |
r-release-macos-arm64 | 0.3-2 | 110.00 | NOTE | |||
r-release-macos-x86_64 | 0.3-2 | 198.00 | NOTE | |||
r-release-windows-x86_64 | 0.3-2 | 76.00 | 248.00 | 324.00 | NOTE | |
r-oldrel-macos-arm64 | 0.3-2 | 85.00 | OK | |||
r-oldrel-macos-x86_64 | 0.3-2 | 132.00 | OK | |||
r-oldrel-windows-x86_64 | 0.3-2 | 74.00 | 226.00 | 300.00 | OK |
Version: 0.3-2
Check: C++ specification
Result: NOTE
Specified C++11: please drop specification unless essential
Flavors: r-devel-linux-x86_64-debian-clang, r-devel-linux-x86_64-debian-gcc, r-devel-linux-x86_64-fedora-clang, r-devel-linux-x86_64-fedora-gcc, r-devel-windows-x86_64, r-patched-linux-x86_64, r-release-linux-x86_64, r-release-macos-arm64, r-release-macos-x86_64, r-release-windows-x86_64