Last updated on 2023-06-09 07:55:41 CEST.
Flavor | Version | Tinstall | Tcheck | Ttotal | Status | Flags |
---|---|---|---|---|---|---|
r-devel-linux-x86_64-debian-clang | 5.7-1 | 73.36 | 288.08 | 361.44 | OK | |
r-devel-linux-x86_64-debian-gcc | 5.7-1 | 57.73 | 213.58 | 271.31 | OK | |
r-devel-linux-x86_64-fedora-clang | 5.7-1 | 447.69 | OK | |||
r-devel-linux-x86_64-fedora-gcc | 5.7-1 | 447.38 | OK | |||
r-devel-windows-x86_64 | 5.7-1 | 67.00 | 307.00 | 374.00 | OK | |
r-patched-linux-x86_64 | 5.7-1 | 71.97 | 275.21 | 347.18 | OK | |
r-release-linux-x86_64 | 5.7-1 | 60.50 | 276.65 | 337.15 | OK | |
r-release-macos-arm64 | 5.7-1 | 139.00 | NOTE | |||
r-release-macos-x86_64 | 5.7-1 | 237.00 | NOTE | |||
r-release-windows-x86_64 | 5.7-1 | 84.00 | 365.00 | 449.00 | OK | |
r-oldrel-macos-arm64 | 5.7-1 | 123.00 | NOTE | |||
r-oldrel-macos-x86_64 | 5.7-1 | 157.00 | OK | |||
r-oldrel-windows-x86_64 | 5.7-1 | 80.00 | 361.00 | 441.00 | OK |
Version: 5.7-1
Check: installed package size
Result: NOTE
installed size is 5.9Mb
sub-directories of 1Mb or more:
R 2.0Mb
doc 1.2Mb
libs 1.7Mb
Flavors: r-release-macos-arm64, r-release-macos-x86_64, r-oldrel-macos-arm64