Last updated on 2024-04-18 08:54:21 CEST.
Flavor | Version | Tinstall | Tcheck | Ttotal | Status | Flags |
---|---|---|---|---|---|---|
r-devel-linux-x86_64-debian-clang | 1.0.3 | 2.98 | 81.69 | 84.67 | OK | |
r-devel-linux-x86_64-debian-gcc | 1.0.3 | 2.67 | 70.83 | 73.50 | OK | |
r-devel-linux-x86_64-fedora-clang | 1.0.3 | 109.35 | OK | |||
r-devel-linux-x86_64-fedora-gcc | 1.0.3 | 117.08 | OK | |||
r-prerel-macos-arm64 | 1.0.3 | 142.00 | OK | |||
r-prerel-windows-x86_64 | 1.0.3 | 4.00 | 154.00 | 158.00 | ERROR | |
r-patched-linux-x86_64 | 1.0.3 | 4.08 | 83.10 | 87.18 | OK | |
r-release-linux-x86_64 | 1.0.3 | 3.46 | 82.17 | 85.63 | OK | |
r-release-macos-arm64 | 1.0.3 | 175.00 | OK | |||
r-release-macos-x86_64 | 1.0.3 | 205.00 | OK | |||
r-release-windows-x86_64 | 1.0.3 | 6.00 | 187.00 | 193.00 | OK | |
r-oldrel-macos-arm64 | 1.0.3 | 125.00 | OK | |||
r-oldrel-windows-x86_64 | 1.0.3 | 6.00 | 178.00 | 184.00 | OK |
Version: 1.0.3
Check: tests
Result: ERROR
Running 'testthat.R' [24s]
Running the tests in 'tests/testthat.R' failed.
Complete output:
> if (requireNamespace("testthat", quietly = TRUE)) {
+
+ library(testthat)
+ library(aopdata)
+
+ test_check("aopdata")
+
+ }
[ FAIL 2 | WARN 0 | SKIP 5 | PASS 6 ]
══ Skipped tests (5) ═══════════════════════════════════════════════════════════
• On CRAN (5): 'test_aopdata_dictionary.R:4:1', 'test_read_access.R:4:1',
'test_read_grid.R:4:1', 'test_read_landuse.R:4:1',
'test_read_population.R:4:1'
══ Failed tests ════════════════════════════════════════════════════════════════
── Failure ('test_check_connection.R:17:3'): check_connection ──────────────────
check_connection(url = url_ok) is not TRUE
`actual`: FALSE
`expected`: TRUE
── Failure ('test_check_connection.R:18:3'): check_connection ──────────────────
check_connection(url = url_ok, silent = TRUE) is not TRUE
`actual`: FALSE
`expected`: TRUE
[ FAIL 2 | WARN 0 | SKIP 5 | PASS 6 ]
Error: Test failures
Execution halted
Flavor: r-prerel-windows-x86_64
Version: 1.0.3
Check: re-building of vignette outputs
Result: ERROR
Error(s) in re-building vignettes:
--- re-building 'access_inequality.Rmd' using rmarkdown
Quitting from lines at lines 49-61 [unnamed-chunk-4] (access_inequality.Rmd)
Error: processing vignette 'access_inequality.Rmd' failed with diagnostics:
object 'R003' not found
--- failed re-building 'access_inequality.Rmd'
--- re-building 'access_maps.Rmd' using rmarkdown
Quitting from lines at lines 49-57 [unnamed-chunk-4] (access_maps.Rmd)
Error: processing vignette 'access_maps.Rmd' failed with diagnostics:
Problem while computing aesthetics.
ℹ Error occurred in the 1st layer.
Caused by error:
! object 'CMATT60' not found
--- failed re-building 'access_maps.Rmd'
--- re-building 'data_dic_en.Rmd' using rmarkdown
--- finished re-building 'data_dic_en.Rmd'
--- re-building 'data_dic_pt.Rmd' using rmarkdown
--- finished re-building 'data_dic_pt.Rmd'
--- re-building 'intro_to_aopdata.Rmd' using rmarkdown
--- finished re-building 'intro_to_aopdata.Rmd'
--- re-building 'landuse_maps.Rmd' using rmarkdown
Quitting from lines at lines 49-55 [unnamed-chunk-4] (landuse_maps.Rmd)
Error: processing vignette 'landuse_maps.Rmd' failed with diagnostics:
Problem while computing aesthetics.
ℹ Error occurred in the 1st layer.
Caused by error:
! object 'T001' not found
--- failed re-building 'landuse_maps.Rmd'
--- re-building 'population_maps.Rmd' using rmarkdown
Quitting from lines at lines 49-55 [unnamed-chunk-4] (population_maps.Rmd)
Error: processing vignette 'population_maps.Rmd' failed with diagnostics:
object 'P001' not found
--- failed re-building 'population_maps.Rmd'
SUMMARY: processing the following files failed:
'access_inequality.Rmd' 'access_maps.Rmd' 'landuse_maps.Rmd'
'population_maps.Rmd'
Error: Vignette re-building failed.
Execution halted
Flavor: r-prerel-windows-x86_64