CRAN Package Check Results for Package anytime

Last updated on 2023-06-02 20:56:19 CEST.

Flavor Version Tinstall Tcheck Ttotal Status Flags
r-devel-linux-x86_64-debian-clang 0.3.9 24.38 36.67 61.05 NOTE
r-devel-linux-x86_64-debian-gcc 0.3.9 20.35 29.61 49.96 NOTE
r-devel-linux-x86_64-fedora-clang 0.3.9 83.13 NOTE
r-devel-linux-x86_64-fedora-gcc 0.3.9 105.46 NOTE
r-devel-windows-x86_64 0.3.9 31.00 86.00 117.00 NOTE
r-patched-linux-x86_64 0.3.9 NOTE
r-release-linux-x86_64 0.3.9 21.67 35.54 57.21 NOTE
r-release-macos-arm64 0.3.9 38.00 NOTE
r-release-macos-x86_64 0.3.9 57.00 NOTE
r-release-windows-x86_64 0.3.9 34.00 95.00 129.00 NOTE
r-oldrel-macos-arm64 0.3.9 31.00 OK
r-oldrel-macos-x86_64 0.3.9 43.00 OK
r-oldrel-windows-x86_64 0.3.9 34.00 86.00 120.00 OK

Check Details

Version: 0.3.9
Check: C++ specification
Result: NOTE
     Specified C++11: please drop specification unless essential
Flavors: r-devel-linux-x86_64-debian-clang, r-devel-linux-x86_64-debian-gcc, r-devel-linux-x86_64-fedora-clang, r-devel-linux-x86_64-fedora-gcc, r-devel-windows-x86_64, r-patched-linux-x86_64, r-release-linux-x86_64, r-release-macos-arm64, r-release-macos-x86_64, r-release-windows-x86_64