Last updated on 2023-05-29 20:00:17 CEST.
Flavor | Version | Tinstall | Tcheck | Ttotal | Status | Flags |
---|---|---|---|---|---|---|
r-devel-linux-x86_64-debian-clang | 4.0.2 | 75.61 | 132.40 | 208.01 | NOTE | |
r-devel-linux-x86_64-debian-gcc | 4.0.2 | 57.08 | 97.95 | 155.03 | NOTE | |
r-devel-linux-x86_64-fedora-clang | 4.0.2 | 346.01 | NOTE | |||
r-devel-linux-x86_64-fedora-gcc | 4.0.2 | 293.69 | NOTE | |||
r-devel-windows-x86_64 | 4.0.2 | 77.00 | 134.00 | 211.00 | NOTE | |
r-patched-linux-x86_64 | 4.0.2 | 60.71 | 122.52 | 183.23 | NOTE | |
r-release-linux-x86_64 | 4.0.2 | 56.29 | 122.05 | 178.34 | NOTE | |
r-release-macos-arm64 | 4.0.2 | 80.00 | NOTE | |||
r-release-macos-x86_64 | 4.0.2 | 132.00 | NOTE | |||
r-release-windows-x86_64 | 4.0.2 | 92.00 | 163.00 | 255.00 | NOTE | |
r-oldrel-macos-arm64 | 4.0.2 | 76.00 | NOTE | |||
r-oldrel-macos-x86_64 | 4.0.2 | 121.00 | NOTE | |||
r-oldrel-windows-x86_64 | 4.0.2 | 88.00 | 166.00 | 254.00 | NOTE |
Version: 4.0.2
Check: C++ specification
Result: NOTE
Specified C++14: please drop specification unless essential
Flavors: r-devel-linux-x86_64-debian-clang, r-devel-linux-x86_64-debian-gcc, r-devel-linux-x86_64-fedora-clang, r-devel-linux-x86_64-fedora-gcc, r-devel-windows-x86_64, r-patched-linux-x86_64, r-release-linux-x86_64, r-release-macos-arm64, r-release-macos-x86_64, r-release-windows-x86_64
Version: 4.0.2
Check: installed package size
Result: NOTE
installed size is 5.8Mb
sub-directories of 1Mb or more:
data 4.1Mb
libs 1.2Mb
Flavors: r-devel-windows-x86_64, r-release-macos-arm64, r-release-macos-x86_64, r-release-windows-x86_64, r-oldrel-macos-arm64, r-oldrel-macos-x86_64, r-oldrel-windows-x86_64