Last updated on 2024-04-17 19:58:31 CEST.
Flavor | Version | Tinstall | Tcheck | Ttotal | Status | Flags |
---|---|---|---|---|---|---|
r-devel-linux-x86_64-debian-clang | 1.2 | 31.87 | 226.30 | 258.17 | NOTE | |
r-devel-linux-x86_64-debian-gcc | 1.2 | 30.10 | 163.61 | 193.71 | NOTE | |
r-devel-linux-x86_64-fedora-clang | 1.2 | 327.04 | NOTE | |||
r-devel-linux-x86_64-fedora-gcc | 1.2 | 308.36 | NOTE | |||
r-prerel-macos-arm64 | 1.2 | 77.00 | NOTE | |||
r-prerel-windows-x86_64 | 1.2 | 30.00 | 161.00 | 191.00 | NOTE | |
r-patched-linux-x86_64 | 1.2 | 37.61 | 217.84 | 255.45 | NOTE | |
r-release-linux-x86_64 | 1.2 | 34.02 | 215.56 | 249.58 | OK | |
r-release-macos-arm64 | 1.2 | 79.00 | OK | |||
r-release-macos-x86_64 | 1.2 | 225.00 | OK | |||
r-release-windows-x86_64 | 1.2 | 42.00 | 196.00 | 238.00 | OK | |
r-oldrel-macos-arm64 | 1.2 | 84.00 | OK | |||
r-oldrel-windows-x86_64 | 1.2 | 41.00 | 195.00 | 236.00 | OK |
Version: 1.2
Check: Rd files
Result: NOTE
checkRd: (-1) EKF_1d_interp_joint.Rd:55: Lost braces; missing escapes or markup?
55 | Prior 1x1 covariance matrix for predicting x_t from x_{t-1}.
| ^
checkRd: (-1) EKF_interp_joint.Rd:65: Lost braces; missing escapes or markup?
65 | Prior 2x2 covariance matrix for predicting x_t from x_{t-1}.
| ^
Flavors: r-devel-linux-x86_64-debian-clang, r-devel-linux-x86_64-debian-gcc, r-devel-linux-x86_64-fedora-clang, r-devel-linux-x86_64-fedora-gcc, r-prerel-macos-arm64, r-prerel-windows-x86_64, r-patched-linux-x86_64