Last updated on 2023-06-05 20:57:31 CEST.
Flavor | Version | Tinstall | Tcheck | Ttotal | Status | Flags |
---|---|---|---|---|---|---|
r-devel-linux-x86_64-debian-clang | 0.2.1.0 | 21.91 | 443.76 | 465.67 | OK | |
r-devel-linux-x86_64-debian-gcc | 0.2.1.0 | 19.01 | 326.31 | 345.32 | OK | |
r-devel-linux-x86_64-fedora-clang | 0.2.1.0 | 571.20 | OK | |||
r-devel-linux-x86_64-fedora-gcc | 0.2.1.0 | 576.75 | OK | |||
r-devel-windows-x86_64 | 0.2.1.0 | 22.00 | 387.00 | 409.00 | OK | |
r-patched-linux-x86_64 | 0.2.1.0 | 21.97 | 415.51 | 437.48 | OK | |
r-release-linux-x86_64 | 0.2.1.0 | 23.03 | 417.41 | 440.44 | OK | |
r-release-macos-arm64 | 0.2.1.0 | 173.00 | OK | |||
r-release-macos-x86_64 | 0.2.1.0 | 6.00 | ERROR | |||
r-release-windows-x86_64 | 0.2.1.0 | 26.00 | 505.00 | 531.00 | OK | |
r-oldrel-macos-arm64 | 0.2.1.0 | 139.00 | OK | |||
r-oldrel-macos-x86_64 | 0.2.1.0 | 192.00 | OK | |||
r-oldrel-windows-x86_64 | 0.2.1.0 | 28.00 | 418.00 | 446.00 | OK |
Version: 0.2.1.0
Check: package dependencies
Result: ERROR
Package required but not available: ‘ctmm’
See section ‘The DESCRIPTION file’ in the ‘Writing R Extensions’
manual.
Flavor: r-release-macos-x86_64