Last updated on 2023-12-09 18:54:10 CET.
Flavor | Version | Tinstall | Tcheck | Ttotal | Status | Flags |
---|---|---|---|---|---|---|
r-devel-linux-x86_64-debian-clang | 1.0.0 | 3.81 | 58.11 | 61.92 | OK | |
r-devel-linux-x86_64-debian-gcc | 1.0.0 | 3.68 | 43.98 | 47.66 | OK | |
r-devel-linux-x86_64-fedora-clang | 1.0.0 | 80.04 | NOTE | |||
r-devel-linux-x86_64-fedora-gcc | 1.0.0 | 85.23 | NOTE | |||
r-devel-windows-x86_64 | 1.0.0 | 6.00 | 94.00 | 100.00 | OK | |
r-patched-linux-x86_64 | 1.0.0 | 5.17 | 55.25 | 60.42 | OK | |
r-release-linux-x86_64 | 1.0.0 | 3.03 | 54.79 | 57.82 | OK | |
r-release-macos-arm64 | 1.0.0 | 61.00 | OK | |||
r-release-macos-x86_64 | 1.0.0 | 66.00 | OK | |||
r-release-windows-x86_64 | 1.0.0 | 7.00 | 97.00 | 104.00 | OK | |
r-oldrel-macos-arm64 | 1.0.0 | 48.00 | NOTE | |||
r-oldrel-macos-x86_64 | 1.0.0 | 67.00 | NOTE | |||
r-oldrel-windows-x86_64 | 1.0.0 | 7.00 | 95.00 | 102.00 | OK |
Version: 1.0.0
Check: data for non-ASCII characters
Result: NOTE
Note: found 7 marked UTF-8 strings
Flavors: r-devel-linux-x86_64-fedora-clang, r-devel-linux-x86_64-fedora-gcc, r-oldrel-macos-arm64, r-oldrel-macos-x86_64