Last updated on 2023-09-28 19:59:34 CEST.
Flavor | Version | Tinstall | Tcheck | Ttotal | Status | Flags |
---|---|---|---|---|---|---|
r-devel-linux-x86_64-debian-clang | 1.0.6 | 12.18 | 102.80 | 114.98 | NOTE | |
r-devel-linux-x86_64-debian-gcc | 1.0.6 | 10.19 | 78.43 | 88.62 | NOTE | |
r-devel-linux-x86_64-fedora-clang | 1.0.6 | 137.30 | NOTE | |||
r-devel-linux-x86_64-fedora-gcc | 1.0.6 | 141.14 | NOTE | |||
r-devel-windows-x86_64 | 1.0.6 | 13.00 | 113.00 | 126.00 | NOTE | |
r-patched-linux-x86_64 | 1.0.6 | 11.21 | 92.47 | 103.68 | NOTE | |
r-release-linux-x86_64 | 1.0.6 | 9.19 | 91.24 | 100.43 | NOTE | |
r-release-macos-arm64 | 1.0.6 | 45.00 | NOTE | |||
r-release-macos-x86_64 | 1.0.6 | 70.00 | NOTE | |||
r-release-windows-x86_64 | 1.0.6 | 16.00 | 133.00 | 149.00 | NOTE | |
r-oldrel-macos-arm64 | 1.0.6 | 41.00 | OK | |||
r-oldrel-macos-x86_64 | 1.0.6 | 71.00 | OK | |||
r-oldrel-windows-x86_64 | 1.0.6 | 18.00 | 130.00 | 148.00 | OK |
Version: 1.0.6
Check: Rd files
Result: NOTE
checkRd: (-1) UN1.Rd:16: Escaped LaTeX specials: \$
checkRd: (-1) rateprof.Rd:64: Escaped LaTeX specials: \&
Flavors: r-devel-linux-x86_64-debian-clang, r-devel-linux-x86_64-debian-gcc, r-devel-linux-x86_64-fedora-clang, r-devel-linux-x86_64-fedora-gcc, r-devel-windows-x86_64, r-patched-linux-x86_64, r-release-linux-x86_64, r-release-macos-arm64, r-release-macos-x86_64, r-release-windows-x86_64