Last updated on 2023-06-09 19:56:17 CEST.
Flavor | Version | Tinstall | Tcheck | Ttotal | Status | Flags |
---|---|---|---|---|---|---|
r-devel-linux-x86_64-debian-clang | 0.3-5 | 10.69 | 262.48 | 273.17 | OK | |
r-devel-linux-x86_64-debian-gcc | 0.3-5 | 10.36 | 193.59 | 203.95 | OK | |
r-devel-linux-x86_64-fedora-clang | 0.3-5 | 330.77 | OK | |||
r-devel-linux-x86_64-fedora-gcc | 0.3-5 | 323.64 | OK | |||
r-devel-windows-x86_64 | 0.3-5 | 12.00 | 201.00 | 213.00 | OK | |
r-patched-linux-x86_64 | 0.3-5 | 16.35 | 248.90 | 265.25 | OK | |
r-release-linux-x86_64 | 0.3-5 | 12.52 | 251.21 | 263.73 | OK | |
r-release-macos-arm64 | 0.3-5 | 95.00 | OK | |||
r-release-macos-x86_64 | 0.3-5 | 162.00 | OK | |||
r-release-windows-x86_64 | 0.3-5 | 15.00 | 275.00 | 290.00 | OK | |
r-oldrel-macos-arm64 | 0.3-5 | 82.00 | OK | |||
r-oldrel-macos-x86_64 | 0.3-5 | 123.00 | OK | |||
r-oldrel-windows-x86_64 | 0.3-5 | 16.00 | 260.00 | 276.00 | NOTE |
Version: 0.3-5
Check: HTML version of manual
Result: NOTE
Encountered the following conversion/validation errors:
as.data.frame.feem.Rd:11: condition must be plain text
cmf.Rd:16: condition must be plain text
feem.Rd:19: condition must be plain text
feemflame.Rd:55: condition must be plain text
feemife.Rd:78: condition must be plain text
feemindex.Rd:83: condition must be plain text
feemjackknife.Rd:78: condition must be plain text
feemparafac.Rd:82: condition must be plain text
feemscatter.Rd:36: condition must be plain text
feemsplithalf.Rd:43: condition must be plain text
marine.colours.Rd:46: condition must be plain text
whittaker2.Rd:45: condition must be plain text
Flavor: r-oldrel-windows-x86_64