Last updated on 2023-12-07 06:51:34 CET.
Flavor | Version | Tinstall | Tcheck | Ttotal | Status | Flags |
---|---|---|---|---|---|---|
r-devel-linux-x86_64-debian-clang | 0.3.2 | 8.23 | 185.33 | 193.56 | OK | |
r-devel-linux-x86_64-debian-gcc | 0.3.2 | 5.48 | 152.78 | 158.26 | OK | |
r-devel-linux-x86_64-fedora-clang | 0.3.2 | 235.53 | NOTE | |||
r-devel-linux-x86_64-fedora-gcc | 0.3.2 | 254.87 | OK | |||
r-devel-windows-x86_64 | 0.3.2 | 8.00 | 213.00 | 221.00 | NOTE | |
r-patched-linux-x86_64 | 0.3.2 | 6.16 | 194.29 | 200.45 | OK | |
r-release-linux-x86_64 | 0.3.2 | 4.84 | 196.41 | 201.25 | OK | |
r-release-macos-arm64 | 0.3.2 | 96.00 | NOTE | |||
r-release-macos-x86_64 | 0.3.2 | 186.00 | NOTE | |||
r-release-windows-x86_64 | 0.3.2 | 10.00 | 244.00 | 254.00 | NOTE | |
r-oldrel-macos-arm64 | 0.3.2 | 82.00 | NOTE | |||
r-oldrel-macos-x86_64 | 0.3.2 | 132.00 | NOTE | |||
r-oldrel-windows-x86_64 | 0.3.2 | 11.00 | 218.00 | 229.00 | NOTE |
Version: 0.3.2
Check: installed package size
Result: NOTE
installed size is 8.1Mb
sub-directories of 1Mb or more:
ShinyGR 4.3Mb
doc 3.5Mb
Flavors: r-devel-linux-x86_64-fedora-clang, r-devel-windows-x86_64, r-release-macos-arm64, r-release-macos-x86_64, r-release-windows-x86_64, r-oldrel-macos-arm64, r-oldrel-macos-x86_64, r-oldrel-windows-x86_64