CRAN Package Check Results for Package aiRly

Last updated on 2023-11-30 07:52:27 CET.

Flavor Version Tinstall Tcheck Ttotal Status Flags
r-devel-linux-x86_64-debian-clang 0.1.0 3.64 43.85 47.49 NOTE
r-devel-linux-x86_64-debian-gcc 0.1.0 3.52 32.57 36.09 NOTE
r-devel-linux-x86_64-fedora-clang 0.1.0 58.92 NOTE
r-devel-linux-x86_64-fedora-gcc 0.1.0 56.62 NOTE
r-devel-windows-x86_64 0.1.0 5.00 59.00 64.00 NOTE
r-patched-linux-x86_64 0.1.0 4.85 41.37 46.22 NOTE
r-release-linux-x86_64 0.1.0 3.74 41.54 45.28 NOTE
r-release-macos-arm64 0.1.0 23.00 NOTE
r-release-macos-x86_64 0.1.0 32.00 NOTE
r-release-windows-x86_64 0.1.0 6.00 60.00 66.00 NOTE
r-oldrel-macos-arm64 0.1.0 22.00 NOTE
r-oldrel-macos-x86_64 0.1.0 31.00 NOTE
r-oldrel-windows-x86_64 0.1.0 7.00 60.00 67.00 NOTE

Additional issues

donttest

Check Details

Version: 0.1.0
Check: LazyData
Result: NOTE 'LazyData' is specified without a 'data' directory Flavors: r-devel-linux-x86_64-debian-clang, r-devel-linux-x86_64-debian-gcc, r-devel-linux-x86_64-fedora-clang, r-devel-linux-x86_64-fedora-gcc, r-devel-windows-x86_64, r-patched-linux-x86_64, r-release-linux-x86_64, r-release-macos-arm64, r-release-macos-x86_64, r-release-windows-x86_64, r-oldrel-macos-arm64, r-oldrel-macos-x86_64, r-oldrel-windows-x86_64