Last updated on 2024-03-29 07:54:37 CET.
Flavor | Version | Tinstall | Tcheck | Ttotal | Status | Flags |
---|---|---|---|---|---|---|
r-devel-linux-x86_64-debian-clang | 4.3.2.3 | 102.47 | 125.49 | 227.96 | OK | |
r-devel-linux-x86_64-debian-gcc | 4.3.2.3 | 62.33 | 98.64 | 160.97 | OK | |
r-devel-linux-x86_64-fedora-clang | 4.3.2.3 | 268.65 | OK | |||
r-devel-linux-x86_64-fedora-gcc | 4.3.2.3 | 272.32 | OK | |||
r-devel-windows-x86_64 | 4.3.2.3 | 51.00 | 130.00 | 181.00 | OK | |
r-patched-linux-x86_64 | 4.3.2.3 | 52.87 | 121.99 | 174.86 | OK | |
r-release-linux-x86_64 | 4.3.2.3 | 75.88 | 129.53 | 205.41 | OK | |
r-release-macos-arm64 | 4.3.2.3 | 88.00 | NOTE | |||
r-release-macos-x86_64 | 4.3.2.3 | 180.00 | NOTE | |||
r-release-windows-x86_64 | 4.3.2.3 | 71.00 | 159.00 | 230.00 | OK | |
r-oldrel-macos-arm64 | 4.3.2.3 | 80.00 | NOTE | |||
r-oldrel-windows-x86_64 | 4.3.2.3 | 67.00 | 158.00 | 225.00 | OK |
Version: 4.3.2.3
Check: installed package size
Result: NOTE
installed size is 6.9Mb
sub-directories of 1Mb or more:
libs 6.8Mb
Flavors: r-release-macos-arm64, r-release-macos-x86_64, r-oldrel-macos-arm64