Last updated on 2024-03-28 07:52:43 CET.
Flavor | Version | Tinstall | Tcheck | Ttotal | Status | Flags |
---|---|---|---|---|---|---|
r-devel-linux-x86_64-debian-clang | 1.2.0 | 114.72 | 111.70 | 226.42 | OK | |
r-devel-linux-x86_64-debian-gcc | 1.2.0 | 80.59 | 82.94 | 163.53 | OK | |
r-devel-linux-x86_64-fedora-clang | 1.2.0 | 313.83 | OK | |||
r-devel-linux-x86_64-fedora-gcc | 1.2.0 | 306.62 | OK | |||
r-devel-windows-x86_64 | 1.2.0 | 86.00 | 107.00 | 193.00 | OK | |
r-patched-linux-x86_64 | 1.2.0 | 83.02 | 112.15 | 195.17 | OK | |
r-release-linux-x86_64 | 1.2.0 | 78.07 | 108.25 | 186.32 | OK | |
r-release-macos-arm64 | 1.2.0 | 68.00 | NOTE | |||
r-release-macos-x86_64 | 1.2.0 | 115.00 | NOTE | |||
r-release-windows-x86_64 | 1.2.0 | 109.00 | 133.00 | 242.00 | OK | |
r-oldrel-macos-arm64 | 1.2.0 | 72.00 | NOTE | |||
r-oldrel-windows-x86_64 | 1.2.0 | 106.00 | 133.00 | 239.00 | OK |
Version: 1.2.0
Check: installed package size
Result: NOTE
installed size is 5.7Mb
sub-directories of 1Mb or more:
libs 5.3Mb
Flavors: r-release-macos-arm64, r-release-macos-x86_64, r-oldrel-macos-arm64