Last updated on 2023-05-29 20:00:16 CEST.
Flavor | Version | Tinstall | Tcheck | Ttotal | Status | Flags |
---|---|---|---|---|---|---|
r-devel-linux-x86_64-debian-clang | 0.6.7 | 48.44 | 222.46 | 270.90 | OK | |
r-devel-linux-x86_64-debian-gcc | 0.6.7 | 38.58 | 158.84 | 197.42 | OK | |
r-devel-linux-x86_64-fedora-clang | 0.6.7 | 344.24 | OK | |||
r-devel-linux-x86_64-fedora-gcc | 0.6.7 | 359.00 | OK | |||
r-devel-windows-x86_64 | 0.6.7 | 42.00 | 196.00 | 238.00 | OK | |
r-patched-linux-x86_64 | 0.6.7 | 41.36 | 196.25 | 237.61 | OK | |
r-release-linux-x86_64 | 0.6.7 | 31.72 | 197.75 | 229.47 | OK | |
r-release-macos-arm64 | 0.6.7 | 81.00 | NOTE | |||
r-release-macos-x86_64 | 0.6.6 | 110.00 | NOTE | |||
r-release-windows-x86_64 | 0.6.7 | 55.00 | 266.00 | 321.00 | OK | |
r-oldrel-macos-arm64 | 0.6.7 | 72.00 | NOTE | |||
r-oldrel-macos-x86_64 | 0.6.7 | 108.00 | NOTE | |||
r-oldrel-windows-x86_64 | 0.6.7 | 52.00 | 229.00 | 281.00 | OK |
Version: 0.6.7
Check: package dependencies
Result: NOTE
Packages suggested but not available for checking: 'HiTC', 'snpStats'
Flavor: r-release-macos-arm64
Version: 0.6.7
Check: installed package size
Result: NOTE
installed size is 5.5Mb
sub-directories of 1Mb or more:
doc 2.4Mb
libs 2.5Mb
Flavors: r-release-macos-arm64, r-oldrel-macos-arm64, r-oldrel-macos-x86_64
Version: 0.6.7
Check: Rd cross-references
Result: NOTE
Package unavailable to check Rd xrefs: ‘snpStats’
Flavor: r-release-macos-arm64
Version: 0.6.6
Check: package dependencies
Result: NOTE
Packages suggested but not available for checking: 'HiTC', 'snpStats'
Flavor: r-release-macos-x86_64
Version: 0.6.6
Check: C++ specification
Result: NOTE
Specified C++11: please drop specification unless essential
Flavor: r-release-macos-x86_64
Version: 0.6.6
Check: installed package size
Result: NOTE
installed size is 6.3Mb
sub-directories of 1Mb or more:
doc 3.3Mb
libs 2.4Mb
Flavor: r-release-macos-x86_64
Version: 0.6.6
Check: Rd cross-references
Result: NOTE
Package unavailable to check Rd xrefs: ‘snpStats’
Flavor: r-release-macos-x86_64
Version: 0.6.7
Check: package dependencies
Result: NOTE
Package suggested but not available for checking: ‘HiTC’
Flavors: r-oldrel-macos-arm64, r-oldrel-macos-x86_64