Last updated on 2024-04-23 07:50:54 CEST.
Flavor | Version | Tinstall | Tcheck | Ttotal | Status | Flags |
---|---|---|---|---|---|---|
r-devel-linux-x86_64-debian-clang | 1.0 | 79.64 | 85.90 | 165.54 | OK | |
r-devel-linux-x86_64-debian-gcc | 1.0 | 56.43 | 61.56 | 117.99 | OK | |
r-devel-linux-x86_64-fedora-clang | 1.0 | 201.21 | OK | |||
r-devel-linux-x86_64-fedora-gcc | 1.0 | 213.71 | OK | |||
r-prerel-macos-arm64 | 1.0 | 54.00 | NOTE | |||
r-prerel-windows-x86_64 | 1.0 | 50.00 | 104879.00 | 104929.00 | OK | |
r-patched-linux-x86_64 | 1.0 | 58.98 | 78.09 | 137.07 | OK | |
r-release-linux-x86_64 | 1.0 | 61.06 | 82.60 | 143.66 | OK | |
r-release-macos-arm64 | 1.0 | 60.00 | NOTE | |||
r-release-macos-x86_64 | 1.0 | 99.00 | NOTE | |||
r-release-windows-x86_64 | 1.0 | 68.00 | 110.00 | 178.00 | OK | |
r-oldrel-macos-arm64 | 1.0 | 56.00 | NOTE | |||
r-oldrel-windows-x86_64 | 1.0 | 63.00 | 109.00 | 172.00 | OK |
Version: 1.0
Check: installed package size
Result: NOTE
installed size is 6.3Mb
sub-directories of 1Mb or more:
libs 6.1Mb
Flavors: r-prerel-macos-arm64, r-release-macos-arm64, r-release-macos-x86_64, r-oldrel-macos-arm64