Last updated on 2024-04-23 19:50:38 CEST.
Flavor | Version | Tinstall | Tcheck | Ttotal | Status | Flags |
---|---|---|---|---|---|---|
r-devel-linux-x86_64-debian-clang | 2.1.10 | 37.89 | 234.89 | 272.78 | OK | |
r-devel-linux-x86_64-debian-gcc | 2.1.10 | 26.73 | 170.07 | 196.80 | OK | |
r-devel-linux-x86_64-fedora-clang | 2.1.10 | 355.76 | OK | |||
r-devel-linux-x86_64-fedora-gcc | 2.1.10 | 337.91 | OK | |||
r-prerel-macos-arm64 | 2.1.10 | 86.00 | OK | |||
r-prerel-windows-x86_64 | 2.1.10 | 31.00 | 204.00 | 235.00 | OK | |
r-patched-linux-x86_64 | 2.1.10 | 41.36 | 214.54 | 255.90 | OK | |
r-release-linux-x86_64 | 2.1.10 | 31.61 | 222.09 | 253.70 | OK | |
r-release-macos-arm64 | 2.1.10 | 93.00 | NOTE | |||
r-release-macos-x86_64 | 2.1.10 | 150.00 | NOTE | |||
r-release-windows-x86_64 | 2.1.10 | 42.00 | 254.00 | 296.00 | OK | |
r-oldrel-macos-arm64 | 2.1.10 | 83.00 | NOTE | |||
r-oldrel-windows-x86_64 | 2.1.10 | 44.00 | 245.00 | 289.00 | OK |
Version: 2.1.10
Check: installed package size
Result: NOTE
installed size is 5.8Mb
sub-directories of 1Mb or more:
R 2.0Mb
data 1.3Mb
files 1.7Mb
Flavors: r-release-macos-arm64, r-release-macos-x86_64, r-oldrel-macos-arm64
Version: 2.1.10
Check: package dependencies
Result: NOTE
Packages suggested but not available for checking:
'adespatial', 'hierfstat', 'spdep', 'poppr'
Flavor: r-release-macos-x86_64
Version: 2.1.10
Check: Rd cross-references
Result: NOTE
Package unavailable to check Rd xrefs: ‘spdep’
Flavor: r-release-macos-x86_64