Last updated on 2023-05-31 07:57:24 CEST.
Flavor | Version | Tinstall | Tcheck | Ttotal | Status | Flags |
---|---|---|---|---|---|---|
r-devel-linux-x86_64-debian-clang | 1.7-22 | 96.22 | 362.22 | 458.44 | OK | |
r-devel-linux-x86_64-debian-gcc | 1.7-22 | 82.35 | 274.89 | 357.24 | OK | |
r-devel-linux-x86_64-fedora-clang | 1.7-22 | 586.70 | NOTE | |||
r-devel-linux-x86_64-fedora-gcc | 1.7-22 | 612.28 | NOTE | |||
r-devel-windows-x86_64 | 1.7-22 | 77.00 | 382.00 | 459.00 | NOTE | |
r-patched-linux-x86_64 | 1.7-22 | 90.74 | 349.03 | 439.77 | OK | |
r-release-linux-x86_64 | 1.7-22 | 79.09 | 348.04 | 427.13 | OK | |
r-release-macos-arm64 | 1.7-22 | 147.00 | NOTE | |||
r-release-macos-x86_64 | 1.7-22 | 266.00 | NOTE | |||
r-release-windows-x86_64 | 1.7-22 | 105.00 | 487.00 | 592.00 | NOTE | |
r-oldrel-macos-arm64 | 1.7-22 | 149.00 | NOTE | |||
r-oldrel-macos-x86_64 | 1.7-22 | 183.00 | NOTE | |||
r-oldrel-windows-x86_64 | 1.7-22 | 103.00 | 475.00 | 578.00 | NOTE |
Version: 1.7-22
Check: installed package size
Result: NOTE
installed size is 6.4Mb
sub-directories of 1Mb or more:
R 1.4Mb
data 3.0Mb
Flavors: r-devel-linux-x86_64-fedora-clang, r-devel-windows-x86_64, r-release-macos-arm64, r-release-macos-x86_64, r-release-windows-x86_64, r-oldrel-macos-arm64, r-oldrel-macos-x86_64, r-oldrel-windows-x86_64
Version: 1.7-22
Check: dependencies in R code
Result: NOTE
Namespace in Imports field not imported from: ‘sp’
All declared Imports should be used.
Flavors: r-devel-linux-x86_64-fedora-clang, r-devel-linux-x86_64-fedora-gcc