Last updated on 2023-09-20 19:54:36 CEST.
Flavor | Version | Tinstall | Tcheck | Ttotal | Status | Flags |
---|---|---|---|---|---|---|
r-devel-linux-x86_64-debian-clang | 5.0 | 19.11 | 164.88 | 183.99 | OK | |
r-devel-linux-x86_64-debian-gcc | 5.0 | 15.59 | 121.72 | 137.31 | OK | |
r-devel-linux-x86_64-fedora-clang | 5.0 | 218.14 | OK | |||
r-devel-linux-x86_64-fedora-gcc | 5.0 | 227.64 | OK | |||
r-devel-windows-x86_64 | 5.0 | 19.00 | 131.00 | 150.00 | OK | |
r-patched-linux-x86_64 | 5.0 | 13.02 | 154.37 | 167.39 | OK | |
r-release-linux-x86_64 | 5.0 | 13.99 | 154.94 | 168.93 | OK | |
r-release-macos-arm64 | 5.0 | 59.00 | OK | |||
r-release-macos-x86_64 | 5.0 | 130.00 | OK | |||
r-release-windows-x86_64 | 5.0 | 22.00 | 159.00 | 181.00 | OK | |
r-oldrel-macos-arm64 | 5.0 | 68.00 | OK | |||
r-oldrel-macos-x86_64 | 5.0 | 89.00 | OK | |||
r-oldrel-windows-x86_64 | 5.0 | 23.00 | 169.00 | 192.00 | NOTE |
Version: 5.0
Check: HTML version of manual
Result: NOTE
Found the following problems:
errorevol_ranking_vector_IW.Rd:68:38: Warning: nested emphasis <code>
Flavor: r-oldrel-windows-x86_64