Last updated on 2024-04-27 08:48:19 CEST.
Flavor | Version | Tinstall | Tcheck | Ttotal | Status | Flags |
---|---|---|---|---|---|---|
r-devel-linux-x86_64-debian-clang | 0.1.3 | 12.52 | 112.97 | 125.49 | NOTE | |
r-devel-linux-x86_64-debian-gcc | 0.1.3 | 9.32 | 79.35 | 88.67 | NOTE | |
r-devel-linux-x86_64-fedora-clang | 0.1.3 | 154.07 | NOTE | |||
r-devel-linux-x86_64-fedora-gcc | 0.1.3 | 149.76 | NOTE | |||
r-devel-windows-x86_64 | 0.1.3 | 11.00 | 90.00 | 101.00 | NOTE | |
r-patched-linux-x86_64 | 0.1.3 | 7.37 | 106.75 | 114.12 | NOTE | |
r-release-linux-x86_64 | 0.1.3 | 7.64 | 109.76 | 117.40 | NOTE | |
r-release-macos-arm64 | 0.1.3 | 43.00 | NOTE | |||
r-release-windows-x86_64 | 0.1.3 | 11.00 | 92.00 | 103.00 | NOTE | |
r-oldrel-macos-arm64 | 0.1.3 | 47.00 | NOTE | |||
r-oldrel-macos-x86_64 | 0.1.3 | 79.00 | NOTE | |||
r-oldrel-windows-x86_64 | 0.1.3 | 15.00 | 116.00 | 131.00 | NOTE |
Version: 0.1.3
Check: LazyData
Result: NOTE
'LazyData' is specified without a 'data' directory
Flavors: r-devel-linux-x86_64-debian-clang, r-devel-linux-x86_64-debian-gcc, r-devel-linux-x86_64-fedora-clang, r-devel-linux-x86_64-fedora-gcc, r-devel-windows-x86_64, r-patched-linux-x86_64, r-release-linux-x86_64, r-release-macos-arm64, r-release-windows-x86_64, r-oldrel-macos-arm64, r-oldrel-macos-x86_64, r-oldrel-windows-x86_64