Last updated on 2024-03-28 07:52:43 CET.
Flavor | Version | Tinstall | Tcheck | Ttotal | Status | Flags |
---|---|---|---|---|---|---|
r-devel-linux-x86_64-debian-clang | 2.0.2 | 25.81 | 412.22 | 438.03 | OK | |
r-devel-linux-x86_64-debian-gcc | 2.0.2 | 21.00 | 296.90 | 317.90 | OK | |
r-devel-linux-x86_64-fedora-clang | 2.0.2 | 578.96 | NOTE | |||
r-devel-linux-x86_64-fedora-gcc | 2.0.2 | 541.54 | OK | |||
r-devel-windows-x86_64 | 2.0.2 | 22.00 | 305.00 | 327.00 | OK | |
r-patched-linux-x86_64 | 2.0.2 | 18.08 | 396.40 | 414.48 | OK | |
r-release-linux-x86_64 | 2.0.2 | 25.05 | 408.29 | 433.34 | OK | |
r-release-macos-arm64 | 2.0.2 | 135.00 | OK | |||
r-release-macos-x86_64 | 2.0.2 | 345.00 | OK | |||
r-release-windows-x86_64 | 2.0.2 | 34.00 | 404.00 | 438.00 | OK | |
r-oldrel-macos-arm64 | 2.0.2 | 140.00 | OK | |||
r-oldrel-windows-x86_64 | 2.0.2 | 31.00 | 381.00 | 412.00 | OK |
Version: 2.0.2
Check: package dependencies
Result: NOTE
Imports includes 25 non-default packages.
Importing from so many packages makes the package vulnerable to any of
them becoming unavailable. Move as many as possible to Suggests and
use conditionally.
Flavor: r-devel-linux-x86_64-fedora-clang