Last updated on 2024-04-23 19:50:37 CEST.
Flavor | Version | Tinstall | Tcheck | Ttotal | Status | Flags |
---|---|---|---|---|---|---|
r-devel-linux-x86_64-debian-clang | 1.3.0 | 24.75 | 194.53 | 219.28 | OK | |
r-devel-linux-x86_64-debian-gcc | 1.3.0 | 19.13 | 134.89 | 154.02 | OK | |
r-devel-linux-x86_64-fedora-clang | 1.3.0 | 262.16 | NOTE | |||
r-devel-linux-x86_64-fedora-gcc | 1.3.0 | 268.22 | NOTE | |||
r-prerel-macos-arm64 | 1.3.0 | 75.00 | OK | |||
r-prerel-windows-x86_64 | 1.3.0 | 26.00 | 170.00 | 196.00 | OK | |
r-patched-linux-x86_64 | 1.3.0 | 17.04 | 185.12 | 202.16 | OK | |
r-release-linux-x86_64 | 1.3.0 | 14.54 | 183.43 | 197.97 | OK | |
r-release-macos-arm64 | 1.3.0 | 90.00 | OK | |||
r-release-macos-x86_64 | 1.3.0 | 157.00 | OK | |||
r-release-windows-x86_64 | 1.3.0 | 30.00 | 208.00 | 238.00 | OK | |
r-oldrel-macos-arm64 | 1.3.0 | 83.00 | OK | |||
r-oldrel-windows-x86_64 | 1.3.0 | 31.00 | 192.00 | 223.00 | OK |
Version: 1.3.0
Check: dependencies in R code
Result: NOTE
Namespace in Imports field not imported from: ‘svglite’
All declared Imports should be used.
Flavors: r-devel-linux-x86_64-fedora-clang, r-devel-linux-x86_64-fedora-gcc