Last updated on 2023-09-24 08:58:11 CEST.
Flavor | Version | Tinstall | Tcheck | Ttotal | Status | Flags |
---|---|---|---|---|---|---|
r-devel-linux-x86_64-debian-clang | 1.3.1 | 14.37 | 94.64 | 109.01 | OK | |
r-devel-linux-x86_64-debian-gcc | 1.3.1 | 11.91 | 69.31 | 81.22 | OK | |
r-devel-linux-x86_64-fedora-clang | 1.3.1 | 131.16 | NOTE | |||
r-devel-linux-x86_64-fedora-gcc | 1.3.1 | 147.72 | NOTE | |||
r-devel-windows-x86_64 | 1.3.1 | 14.00 | 101.00 | 115.00 | OK | |
r-patched-linux-x86_64 | 1.3.1 | 12.62 | 90.07 | 102.69 | OK | |
r-release-linux-x86_64 | 1.3.1 | 14.51 | 89.99 | 104.50 | OK | |
r-release-macos-arm64 | 1.3.1 | 45.00 | OK | |||
r-release-macos-x86_64 | 1.3.1 | 82.00 | OK | |||
r-release-windows-x86_64 | 1.3.1 | 18.00 | 114.00 | 132.00 | OK | |
r-oldrel-macos-arm64 | 1.3.1 | 43.00 | OK | |||
r-oldrel-macos-x86_64 | 1.3.1 | 52.00 | OK | |||
r-oldrel-windows-x86_64 | 1.3.1 | 19.00 | 101.00 | 120.00 | OK |
Version: 1.3.1
Check: data for non-ASCII characters
Result: NOTE
Note: found 305 marked UTF-8 strings
Flavors: r-devel-linux-x86_64-fedora-clang, r-devel-linux-x86_64-fedora-gcc