Last updated on 2024-03-28 19:48:24 CET.
Flavor | Version | Tinstall | Tcheck | Ttotal | Status | Flags |
---|---|---|---|---|---|---|
r-devel-linux-x86_64-debian-clang | 1.3.3 | 81.57 | 86.16 | 167.73 | OK | |
r-devel-linux-x86_64-debian-gcc | 1.3.3 | 58.18 | 64.72 | 122.90 | OK | |
r-devel-linux-x86_64-fedora-clang | 1.3.3 | 227.27 | NOTE | |||
r-devel-linux-x86_64-fedora-gcc | 1.3.3 | 219.94 | NOTE | |||
r-devel-windows-x86_64 | 1.3.3 | 61.00 | 101.00 | 162.00 | OK | |
r-patched-linux-x86_64 | 1.3.3 | 74.86 | 81.94 | 156.80 | OK | |
r-release-linux-x86_64 | 1.3.3 | 72.13 | 83.66 | 155.79 | OK | |
r-release-macos-arm64 | 1.3.3 | 59.00 | OK | |||
r-release-macos-x86_64 | 1.3.3 | 92.00 | OK | |||
r-release-windows-x86_64 | 1.3.3 | 77.00 | 119.00 | 196.00 | OK | |
r-oldrel-macos-arm64 | 1.3.3 | 59.00 | OK | |||
r-oldrel-windows-x86_64 | 1.3.3 | 74.00 | 120.00 | 194.00 | OK |
Version: 1.3.3
Check: compiled code
Result: NOTE
File ‘acc/libs/acc.so’:
Found no calls to: ‘R_registerRoutines’, ‘R_useDynamicSymbols’
It is good practice to register native routines and to disable symbol
search.
See ‘Writing portable packages’ in the ‘Writing R Extensions’ manual.
Flavors: r-devel-linux-x86_64-fedora-clang, r-devel-linux-x86_64-fedora-gcc