CRAN Package Check Results for Package abess

Last updated on 2023-05-31 20:57:01 CEST.

Flavor Version Tinstall Tcheck Ttotal Status Flags
r-devel-linux-x86_64-debian-clang 0.4.7 245.47 106.11 351.58 OK
r-devel-linux-x86_64-debian-gcc 0.4.7 201.53 87.98 289.51 OK
r-devel-linux-x86_64-fedora-clang 0.4.7 428.05 OK
r-devel-linux-x86_64-fedora-gcc 0.4.7 562.18 OK
r-devel-windows-x86_64 0.4.7 163.00 133.00 296.00 OK
r-patched-linux-x86_64 0.4.7 OK
r-release-linux-x86_64 0.4.7 214.73 111.82 326.55 OK
r-release-macos-arm64 0.4.7 129.00 NOTE
r-release-macos-x86_64 0.4.7 300.00 NOTE
r-release-windows-x86_64 0.4.7 212.00 159.00 371.00 OK
r-oldrel-macos-arm64 0.4.7 110.00 NOTE
r-oldrel-macos-x86_64 0.4.7 188.00 NOTE
r-oldrel-windows-x86_64 0.4.7 195.00 144.00 339.00 OK

Check Details

Version: 0.4.7
Check: installed package size
Result: NOTE
     installed size is 96.0Mb
     sub-directories of 1Mb or more:
     libs 95.0Mb
Flavors: r-release-macos-arm64, r-release-macos-x86_64, r-oldrel-macos-arm64, r-oldrel-macos-x86_64