Last updated on 2023-06-06 20:09:37 CEST.
Flavor | Version | Tinstall | Tcheck | Ttotal | Status | Flags |
---|---|---|---|---|---|---|
r-devel-linux-x86_64-debian-clang | 1.9 | 85.33 | 107.04 | 192.37 | OK | |
r-devel-linux-x86_64-debian-gcc | 1.9 | 65.03 | 79.35 | 144.38 | OK | |
r-devel-linux-x86_64-fedora-clang | 1.9 | 283.80 | OK | |||
r-devel-linux-x86_64-fedora-gcc | 1.9 | 261.73 | OK | |||
r-devel-windows-x86_64 | 1.9 | 70.00 | 115.00 | 185.00 | OK | |
r-patched-linux-x86_64 | 1.9 | 78.05 | 99.43 | 177.48 | OK | |
r-release-linux-x86_64 | 1.9 | 55.37 | 100.24 | 155.61 | OK | |
r-release-macos-arm64 | 1.9 | 71.00 | NOTE | |||
r-release-macos-x86_64 | 1.9 | 114.00 | NOTE | |||
r-release-windows-x86_64 | 1.9 | 85.00 | 135.00 | 220.00 | OK | |
r-oldrel-macos-arm64 | 1.9 | 61.00 | NOTE | |||
r-oldrel-macos-x86_64 | 1.9 | 85.00 | NOTE | |||
r-oldrel-windows-x86_64 | 1.9 | 84.00 | 131.00 | 215.00 | OK |
Version: 1.9
Check: installed package size
Result: NOTE
installed size is 5.4Mb
sub-directories of 1Mb or more:
data 2.6Mb
libs 2.5Mb
Flavors: r-release-macos-arm64, r-release-macos-x86_64, r-oldrel-macos-arm64, r-oldrel-macos-x86_64