Last updated on 2023-10-03 08:05:08 CEST.
Flavor | Version | Tinstall | Tcheck | Ttotal | Status | Flags |
---|---|---|---|---|---|---|
r-devel-linux-x86_64-debian-clang | 3.99-0.14 | 28.40 | 96.85 | 125.25 | OK | |
r-devel-linux-x86_64-debian-gcc | 3.99-0.14 | 18.58 | 70.05 | 88.63 | OK | |
r-devel-linux-x86_64-fedora-clang | 3.99-0.14 | 154.14 | OK | |||
r-devel-linux-x86_64-fedora-gcc | 3.99-0.14 | 154.38 | OK | |||
r-devel-windows-x86_64 | 3.99-0.14 | 34.00 | 121.00 | 155.00 | NOTE | |
r-patched-linux-x86_64 | 3.99-0.14 | 30.57 | 92.66 | 123.23 | OK | |
r-release-linux-x86_64 | 3.99-0.14 | 25.51 | 94.42 | 119.93 | OK | |
r-release-macos-arm64 | 3.99-0.14 | 46.00 | OK | |||
r-release-macos-x86_64 | 3.99-0.14 | 75.00 | OK | |||
r-release-windows-x86_64 | 3.99-0.14 | 38.00 | 149.00 | 187.00 | NOTE | |
r-oldrel-macos-arm64 | 3.99-0.14 | 50.00 | OK | |||
r-oldrel-macos-x86_64 | 3.99-0.14 | 82.00 | OK | |||
r-oldrel-windows-x86_64 | 3.99-0.14 | 184.00 | 154.00 | 338.00 | NOTE |
Version: 3.99-0.14
Check: installed package size
Result: NOTE
installed size is 5.2Mb
sub-directories of 1Mb or more:
exampleData 1.3Mb
libs 2.2Mb
Flavors: r-devel-windows-x86_64, r-release-windows-x86_64, r-oldrel-windows-x86_64