Last updated on 2024-03-28 19:48:49 CET.
Flavor | Version | Tinstall | Tcheck | Ttotal | Status | Flags |
---|---|---|---|---|---|---|
r-devel-linux-x86_64-debian-clang | 1.3 | 4.07 | 41.25 | 45.32 | NOTE | |
r-devel-linux-x86_64-debian-gcc | 1.3 | 4.03 | 31.21 | 35.24 | NOTE | |
r-devel-linux-x86_64-fedora-clang | 1.3 | 58.63 | NOTE | |||
r-devel-linux-x86_64-fedora-gcc | 1.3 | 54.69 | NOTE | |||
r-devel-windows-x86_64 | 1.3 | 4.00 | 58.00 | 62.00 | NOTE | |
r-patched-linux-x86_64 | 1.3 | 6.14 | 38.92 | 45.06 | NOTE | |
r-release-linux-x86_64 | 1.3 | 5.26 | 39.65 | 44.91 | OK | |
r-release-macos-arm64 | 1.3 | 22.00 | OK | |||
r-release-macos-x86_64 | 1.3 | 32.00 | OK | |||
r-release-windows-x86_64 | 1.3 | 5.00 | 62.00 | 67.00 | OK | |
r-oldrel-macos-arm64 | 1.3 | 26.00 | OK | |||
r-oldrel-windows-x86_64 | 1.3 | 38.00 | 92.00 | 130.00 | OK |
Version: 1.3
Check: Rd files
Result: NOTE
checkRd: (-1) item.side.Rd:35: Lost braces
35 | code{TRUE}. If any other value, the axis is not drawn.}
| ^
Flavors: r-devel-linux-x86_64-debian-clang, r-devel-linux-x86_64-debian-gcc, r-devel-linux-x86_64-fedora-clang, r-devel-linux-x86_64-fedora-gcc, r-devel-windows-x86_64, r-patched-linux-x86_64