Last updated on 2023-12-07 06:52:03 CET.
Flavor | Version | Tinstall | Tcheck | Ttotal | Status | Flags |
---|---|---|---|---|---|---|
r-devel-linux-x86_64-debian-clang | 2.3.3 | 7.91 | 66.13 | 74.04 | NOTE | |
r-devel-linux-x86_64-debian-gcc | 2.3.3 | 6.08 | 50.11 | 56.19 | NOTE | |
r-devel-linux-x86_64-fedora-clang | 2.3.3 | 94.32 | NOTE | |||
r-devel-linux-x86_64-fedora-gcc | 2.3.3 | 94.85 | NOTE | |||
r-devel-windows-x86_64 | 2.3.3 | 8.00 | 84.00 | 92.00 | OK | |
r-patched-linux-x86_64 | 2.3.3 | 7.86 | 63.50 | 71.36 | NOTE | |
r-release-linux-x86_64 | 2.3.3 | 6.38 | 61.72 | 68.10 | NOTE | |
r-release-macos-arm64 | 2.3.3 | 56.00 | OK | |||
r-release-macos-x86_64 | 2.3.3 | 65.00 | OK | |||
r-release-windows-x86_64 | 2.3.3 | 10.00 | 92.00 | 102.00 | OK | |
r-oldrel-macos-arm64 | 2.3.3 | 59.00 | OK | |||
r-oldrel-macos-x86_64 | 2.3.3 | 78.00 | OK | |||
r-oldrel-windows-x86_64 | 2.3.3 | 11.00 | 90.00 | 101.00 | OK |
Version: 2.3.3
Check: package dependencies
Result: NOTE
Package suggested but not available for checking: ‘pageviews’
Flavors: r-devel-linux-x86_64-debian-clang, r-devel-linux-x86_64-debian-gcc, r-devel-linux-x86_64-fedora-clang, r-devel-linux-x86_64-fedora-gcc, r-patched-linux-x86_64, r-release-linux-x86_64
Version: 2.3.3
Check: Rd files
Result: NOTE
checkRd: (-1) get_geo_box.Rd:37-38: Lost braces in \itemize; \value handles \item{}{} directly
checkRd: (-1) get_geo_box.Rd:39-40: Lost braces in \itemize; \value handles \item{}{} directly
checkRd: (-1) get_geo_box.Rd:41: Lost braces in \itemize; \value handles \item{}{} directly
checkRd: (-1) get_geo_box.Rd:42: Lost braces in \itemize; \value handles \item{}{} directly
checkRd: (-1) get_geo_box.Rd:43-44: Lost braces in \itemize; \value handles \item{}{} directly
checkRd: (-1) get_geo_entity.Rd:27-28: Lost braces in \itemize; \value handles \item{}{} directly
checkRd: (-1) get_geo_entity.Rd:29-30: Lost braces in \itemize; \value handles \item{}{} directly
checkRd: (-1) get_geo_entity.Rd:31: Lost braces in \itemize; \value handles \item{}{} directly
checkRd: (-1) get_geo_entity.Rd:32: Lost braces in \itemize; \value handles \item{}{} directly
checkRd: (-1) get_geo_entity.Rd:33-34: Lost braces in \itemize; \value handles \item{}{} directly
Flavors: r-devel-linux-x86_64-debian-clang, r-devel-linux-x86_64-debian-gcc