Last updated on 2024-04-17 19:58:56 CEST.
Flavor | Version | Tinstall | Tcheck | Ttotal | Status | Flags |
---|---|---|---|---|---|---|
r-devel-linux-x86_64-debian-clang | 2.4.2 | 11.07 | 149.15 | 160.22 | NOTE | |
r-devel-linux-x86_64-debian-gcc | 2.4.2 | 10.98 | 119.38 | 130.36 | NOTE | |
r-devel-linux-x86_64-fedora-clang | 2.4.2 | 204.43 | NOTE | |||
r-devel-linux-x86_64-fedora-gcc | 2.4.2 | 220.33 | NOTE | |||
r-prerel-macos-arm64 | 2.4.2 | 85.00 | NOTE | |||
r-prerel-windows-x86_64 | 2.4.2 | 12.00 | 145.00 | 157.00 | NOTE | |
r-patched-linux-x86_64 | 2.4.2 | 14.20 | 153.15 | 167.35 | NOTE | |
r-release-linux-x86_64 | 2.4.2 | 14.37 | 153.43 | 167.80 | OK | |
r-release-macos-arm64 | 2.4.2 | 94.00 | OK | |||
r-release-macos-x86_64 | 2.4.2 | 142.00 | OK | |||
r-release-windows-x86_64 | 2.4.2 | 17.00 | 187.00 | 204.00 | OK | |
r-oldrel-macos-arm64 | 2.4.2 | 98.00 | OK | |||
r-oldrel-windows-x86_64 | 2.4.2 | 18.00 | 189.00 | 207.00 | OK |
Version: 2.4.2
Check: Rd files
Result: NOTE
checkRd: (-1) get.deriv.smooth.hist.Rd:5: Lost braces; missing escapes or markup?
5 | \title{Gets $n^{th}$ derivative of smoothed histogram}
| ^
Flavors: r-devel-linux-x86_64-debian-clang, r-devel-linux-x86_64-debian-gcc, r-devel-linux-x86_64-fedora-clang, r-devel-linux-x86_64-fedora-gcc, r-prerel-macos-arm64, r-prerel-windows-x86_64, r-patched-linux-x86_64