Last updated on 2024-04-22 19:56:30 CEST.
Flavor | Version | Tinstall | Tcheck | Ttotal | Status | Flags |
---|---|---|---|---|---|---|
r-devel-linux-x86_64-debian-clang | 2020.1.31 | 1.56 | 35.95 | 37.51 | NOTE | |
r-devel-linux-x86_64-debian-gcc | 2020.1.31 | 1.52 | 27.23 | 28.75 | NOTE | |
r-devel-linux-x86_64-fedora-clang | 2020.1.31 | 48.45 | NOTE | |||
r-devel-linux-x86_64-fedora-gcc | 2020.1.31 | 58.26 | NOTE | |||
r-prerel-macos-arm64 | 2020.1.31 | 23.00 | NOTE | |||
r-prerel-windows-x86_64 | 2020.1.31 | 3.00 | 59.00 | 62.00 | NOTE | |
r-patched-linux-x86_64 | 2020.1.31 | 2.19 | 33.85 | 36.04 | NOTE | |
r-release-linux-x86_64 | 2020.1.31 | 1.98 | 34.27 | 36.25 | OK | |
r-release-macos-arm64 | 2020.1.31 | 26.00 | OK | |||
r-release-macos-x86_64 | 2020.1.31 | 38.00 | OK | |||
r-release-windows-x86_64 | 2020.1.31 | 3.00 | 56.00 | 59.00 | OK | |
r-oldrel-macos-arm64 | 2020.1.31 | 20.00 | OK | |||
r-oldrel-windows-x86_64 | 2020.1.31 | 3.00 | 62.00 | 65.00 | OK |
Version: 2020.1.31
Check: Rd files
Result: NOTE
checkRd: (-1) WeightedROC.Rd:10: Lost braces; missing escapes or markup?
10 | integer/numeric with values all in {0=negative,1=positive} or
| ^
checkRd: (-1) WeightedROC.Rd:11: Lost braces; missing escapes or markup?
11 | {1=negative,2=positive} or {-1=negative,1=positive}.}
| ^
checkRd: (-1) WeightedROC.Rd:11: Lost braces; missing escapes or markup?
11 | {1=negative,2=positive} or {-1=negative,1=positive}.}
| ^
Flavors: r-devel-linux-x86_64-debian-clang, r-devel-linux-x86_64-debian-gcc, r-devel-linux-x86_64-fedora-clang, r-devel-linux-x86_64-fedora-gcc, r-prerel-macos-arm64, r-prerel-windows-x86_64, r-patched-linux-x86_64