Last updated on 2023-06-08 08:55:38 CEST.
Flavor | Version | Tinstall | Tcheck | Ttotal | Status | Flags |
---|---|---|---|---|---|---|
r-devel-linux-x86_64-debian-clang | 1.6-2 | 18.45 | 210.58 | 229.03 | OK | |
r-devel-linux-x86_64-debian-gcc | 1.6-2 | 15.71 | 162.56 | 178.27 | OK | |
r-devel-linux-x86_64-fedora-clang | 1.6-2 | 286.67 | OK | |||
r-devel-linux-x86_64-fedora-gcc | 1.6-2 | 289.46 | OK | |||
r-devel-windows-x86_64 | 1.6-2 | 21.00 | 269.00 | 290.00 | OK | |
r-patched-linux-x86_64 | 1.6-2 | 17.44 | 208.33 | 225.77 | OK | |
r-release-linux-x86_64 | 1.6-2 | 16.03 | 206.39 | 222.42 | OK | |
r-release-macos-arm64 | 1.6-2 | 128.00 | OK | |||
r-release-macos-x86_64 | 1.6-0 | 196.00 | NOTE | |||
r-release-windows-x86_64 | 1.6-2 | 25.00 | 281.00 | 306.00 | OK | |
r-oldrel-macos-arm64 | 1.6-2 | 123.00 | OK | |||
r-oldrel-macos-x86_64 | 1.6-2 | 132.00 | OK | |||
r-oldrel-windows-x86_64 | 1.6-2 | 23.00 | 279.00 | 302.00 | OK |
Version: 1.6-0
Check: C++ specification
Result: NOTE
Specified C++11: please drop specification unless essential
Flavor: r-release-macos-x86_64