Last updated on 2024-03-29 07:55:00 CET.
Flavor | Version | Tinstall | Tcheck | Ttotal | Status | Flags |
---|---|---|---|---|---|---|
r-devel-linux-x86_64-debian-clang | 0.1.3 | 134.33 | 66.26 | 200.59 | NOTE | |
r-devel-linux-x86_64-debian-gcc | 0.1.3 | 108.31 | 51.98 | 160.29 | NOTE | |
r-devel-linux-x86_64-fedora-clang | 0.1.3 | 313.83 | NOTE | |||
r-devel-linux-x86_64-fedora-gcc | 0.1.3 | 299.23 | NOTE | |||
r-devel-windows-x86_64 | 0.1.3 | 110.00 | 87.00 | 197.00 | NOTE | |
r-patched-linux-x86_64 | 0.1.3 | 144.04 | 64.62 | 208.66 | NOTE | |
r-release-linux-x86_64 | 0.1.3 | 138.29 | 66.91 | 205.20 | NOTE | |
r-release-macos-arm64 | 0.1.3 | 76.00 | NOTE | |||
r-release-macos-x86_64 | 0.1.3 | 119.00 | NOTE | |||
r-release-windows-x86_64 | 0.1.3 | 135.00 | 105.00 | 240.00 | NOTE | |
r-oldrel-macos-arm64 | 0.1.3 | 69.00 | NOTE | |||
r-oldrel-windows-x86_64 | 0.1.3 | 133.00 | 106.00 | 239.00 | OK |
Version: 0.1.3
Check: C++ specification
Result: NOTE
Specified C++11: please drop specification unless essential
Flavors: r-devel-linux-x86_64-debian-clang, r-devel-linux-x86_64-debian-gcc, r-devel-linux-x86_64-fedora-clang, r-devel-linux-x86_64-fedora-gcc, r-devel-windows-x86_64, r-patched-linux-x86_64, r-release-linux-x86_64, r-release-macos-arm64, r-release-macos-x86_64, r-release-windows-x86_64
Version: 0.1.3
Check: installed package size
Result: NOTE
installed size is 5.1Mb
sub-directories of 1Mb or more:
libs 5.0Mb
Flavors: r-release-macos-arm64, r-oldrel-macos-arm64