Last updated on 2023-06-02 07:55:38 CEST.
Flavor | Version | Tinstall | Tcheck | Ttotal | Status | Flags |
---|---|---|---|---|---|---|
r-devel-linux-x86_64-debian-clang | 1.2.1 | 145.13 | 132.39 | 277.52 | NOTE | |
r-devel-linux-x86_64-debian-gcc | 1.2.1 | 119.62 | 100.36 | 219.98 | NOTE | |
r-devel-linux-x86_64-fedora-clang | 1.2.1 | 387.17 | NOTE | |||
r-devel-linux-x86_64-fedora-gcc | 1.2.1 | 430.42 | NOTE | |||
r-devel-windows-x86_64 | 1.2.1 | 106.00 | 145.00 | 251.00 | NOTE | |
r-patched-linux-x86_64 | 1.2.1 | NOTE | ||||
r-release-linux-x86_64 | 1.2.1 | 118.51 | 124.77 | 243.28 | NOTE | |
r-release-macos-arm64 | 1.2.1 | 102.00 | NOTE | |||
r-release-macos-x86_64 | 1.2.1 | 178.00 | NOTE | |||
r-release-windows-x86_64 | 1.2.1 | 136.00 | 175.00 | 311.00 | NOTE | |
r-oldrel-macos-arm64 | 1.2.1 | 111.00 | NOTE | |||
r-oldrel-macos-x86_64 | 1.2.1 | 159.00 | NOTE | |||
r-oldrel-windows-x86_64 | 1.2.1 | 126.00 | 160.00 | 286.00 | OK |
Version: 1.2.1
Check: C++ specification
Result: NOTE
Specified C++11: please drop specification unless essential
Flavors: r-devel-linux-x86_64-debian-clang, r-devel-linux-x86_64-debian-gcc, r-devel-linux-x86_64-fedora-clang, r-devel-linux-x86_64-fedora-gcc, r-devel-windows-x86_64, r-patched-linux-x86_64, r-release-linux-x86_64, r-release-macos-arm64, r-release-macos-x86_64, r-release-windows-x86_64
Version: 1.2.1
Check: installed package size
Result: NOTE
installed size is 9.9Mb
sub-directories of 1Mb or more:
libs 9.7Mb
Flavors: r-release-macos-arm64, r-release-macos-x86_64, r-oldrel-macos-arm64, r-oldrel-macos-x86_64
Version: 1.2.1
Check: package dependencies
Result: NOTE
Package suggested but not available for checking: ‘Rsymphony’
Flavor: r-release-macos-x86_64