CRAN Package Check Results for Package WRSS

Last updated on 2023-12-01 07:50:24 CET.

Flavor Version Tinstall Tcheck Ttotal Status Flags
r-devel-linux-x86_64-debian-clang 3.1 17.64 121.17 138.81 NOTE
r-devel-linux-x86_64-debian-gcc 3.1 11.95 88.00 99.95 NOTE
r-devel-linux-x86_64-fedora-clang 3.1 167.59 OK
r-devel-linux-x86_64-fedora-gcc 3.1 158.30 OK
r-devel-windows-x86_64 3.1 16.00 112.00 128.00 OK
r-patched-linux-x86_64 3.1 14.86 112.66 127.52 OK
r-release-linux-x86_64 3.1 11.57 113.70 125.27 OK
r-release-macos-arm64 3.1 46.00 OK
r-release-macos-x86_64 3.1 77.00 OK
r-release-windows-x86_64 3.1 21.00 127.00 148.00 OK
r-oldrel-macos-arm64 3.1 59.00 OK
r-oldrel-macos-x86_64 3.1 81.00 OK
r-oldrel-windows-x86_64 3.1 21.00 136.00 157.00 OK

Check Details

Version: 3.1
Check: Rd files
Result: NOTE checkRd: (-1) createDemandSite.Rd:26: Lost braces 26 | \item{suppliers}{(optional) A list of object(s) inherited from the folowing classes: \code{\link[WRSS]{createAquifer}}, \code{\link[WRSS]{createRiver}}, \code{\link[WRSS]{createReservoir}}, code{\link[WRSS]{createDiversion}}.} | ^ checkRd: (-1) createDemandSite.base.Rd:26: Lost braces 26 | \item{suppliers}{(optional) A list of object(s) inherited from the folowing classes: \code{\link[WRSS]{createAquifer}}, \code{\link[WRSS]{createRiver}}, \code{\link[WRSS]{createReservoir}}, code{\link[WRSS]{createDiversion}}.} | ^ checkRd: (-1) createDemandSite.default.Rd:32: Lost braces 32 | \item{suppliers}{(optional) A list of object(s) inherited from the folowing classes: \code{\link[WRSS]{createAquifer}}, \code{\link[WRSS]{createRiver}}, \code{\link[WRSS]{createReservoir}}, code{\link[WRSS]{createDiversion}}.} | ^ Flavors: r-devel-linux-x86_64-debian-clang, r-devel-linux-x86_64-debian-gcc