Last updated on 2023-09-25 08:02:42 CEST.
Flavor | Version | Tinstall | Tcheck | Ttotal | Status | Flags |
---|---|---|---|---|---|---|
r-devel-linux-x86_64-debian-clang | 1.2.2 | 15.38 | 203.81 | 219.19 | NOTE | |
r-devel-linux-x86_64-debian-gcc | 1.2.2 | 12.66 | 150.71 | 163.37 | NOTE | |
r-devel-linux-x86_64-fedora-clang | 1.2.2 | 260.51 | NOTE | |||
r-devel-linux-x86_64-fedora-gcc | 1.2.2 | 286.38 | NOTE | |||
r-devel-windows-x86_64 | 1.2.2 | 16.00 | 150.00 | 166.00 | NOTE | |
r-patched-linux-x86_64 | 1.2.2 | 14.75 | 195.20 | 209.95 | NOTE | |
r-release-linux-x86_64 | 1.2.2 | 14.17 | 195.68 | 209.85 | NOTE | |
r-release-macos-arm64 | 1.2.2 | 80.00 | NOTE | |||
r-release-macos-x86_64 | 1.2.2 | 140.00 | NOTE | |||
r-release-windows-x86_64 | 1.2.2 | 19.00 | 188.00 | 207.00 | NOTE | |
r-oldrel-macos-arm64 | 1.2.2 | 71.00 | NOTE | |||
r-oldrel-macos-x86_64 | 1.2.2 | 126.00 | NOTE | |||
r-oldrel-windows-x86_64 | 1.2.2 | 19.00 | 185.00 | 204.00 | OK |
Version: 1.2.2
Check: package subdirectories
Result: NOTE
Problems with news in ‘NEWS.md’:
No news entries found.
Flavors: r-devel-linux-x86_64-debian-clang, r-devel-linux-x86_64-debian-gcc, r-devel-linux-x86_64-fedora-clang, r-devel-linux-x86_64-fedora-gcc, r-devel-windows-x86_64, r-patched-linux-x86_64, r-release-linux-x86_64, r-release-macos-arm64, r-release-macos-x86_64, r-release-windows-x86_64
Version: 1.2.2
Check: dependencies in R code
Result: NOTE
Namespaces in Imports field not imported from:
‘ggplot2’ ‘reshape2’
All declared Imports should be used.
Flavors: r-devel-linux-x86_64-fedora-clang, r-devel-linux-x86_64-fedora-gcc, r-oldrel-macos-arm64, r-oldrel-macos-x86_64